CRAN Package Check Results for Package revert

Last updated on 2024-04-22 00:53:31 CEST.

Flavor Version Tinstall Tcheck Ttotal Status Flags
r-devel-linux-x86_64-debian-clang 0.0.1 0.63 2.27 2.90 ERROR
r-devel-linux-x86_64-debian-gcc 0.0.1 1.72 1.72 ERROR
r-devel-linux-x86_64-fedora-clang 0.0.1 603.05 OK
r-devel-linux-x86_64-fedora-gcc 0.0.1 579.45 OK
r-prerel-macos-arm64 0.0.1 5.00 ERROR
r-prerel-macos-x86_64 0.0.1 7.00 ERROR
r-prerel-windows-x86_64 0.0.1 19.00 5.00 24.00 ERROR
r-patched-linux-x86_64 0.0.1 36.47 386.68 423.15 OK
r-release-linux-x86_64 0.0.1 38.69 386.06 424.75 OK
r-release-macos-arm64 0.0.1 11.00 ERROR
r-release-macos-x86_64 0.0.1 7.00 ERROR
r-release-windows-x86_64 0.0.1 17.00 5.00 22.00 ERROR
r-oldrel-macos-arm64 0.0.1 12.00 ERROR
r-oldrel-windows-x86_64 0.0.1 7.00 11.00 18.00 ERROR

Check Details

Version: 0.0.1
Check: package dependencies
Result: ERROR Packages required but not available: 'GenomicRanges', 'Biostrings', 'Rsamtools', 'BSgenome', 'BSgenome.Hsapiens.UCSC.hg38' See section ‘The DESCRIPTION file’ in the ‘Writing R Extensions’ manual. Flavor: r-devel-linux-x86_64-debian-clang

Version: 0.0.1
Check: package dependencies
Result: ERROR Packages required but not available: 'BSgenome', 'BSgenome.Hsapiens.UCSC.hg38' See section ‘The DESCRIPTION file’ in the ‘Writing R Extensions’ manual. Flavor: r-devel-linux-x86_64-debian-gcc

Version: 0.0.1
Check: package dependencies
Result: ERROR Package required but not available: ‘BSgenome.Hsapiens.UCSC.hg38’ See section ‘The DESCRIPTION file’ in the ‘Writing R Extensions’ manual. Flavors: r-prerel-macos-arm64, r-prerel-macos-x86_64, r-release-macos-arm64, r-release-macos-x86_64, r-oldrel-macos-arm64

Version: 0.0.1
Check: whether package can be installed
Result: ERROR Installation failed. Flavors: r-prerel-windows-x86_64, r-release-windows-x86_64, r-oldrel-windows-x86_64