CRAN Package Check Results for Package rfVarImpOOB

Last updated on 2021-12-03 00:48:54 CET.

Flavor Version Tinstall Tcheck Ttotal Status Flags
r-devel-linux-x86_64-debian-clang 1.0.1 5.72 101.57 107.29 OK
r-devel-linux-x86_64-debian-gcc 1.0.1 5.19 72.37 77.56 OK
r-devel-linux-x86_64-fedora-clang 1.0.1 132.82 NOTE
r-devel-linux-x86_64-fedora-gcc 1.0.1 120.08 NOTE
r-devel-windows-x86_64-new-UL 1.0.1 17.00 147.00 164.00 OK
r-devel-windows-x86_64-new-TK 1.0.1 NOTE
r-devel-windows-x86_64-old 1.0.1 11.00 110.00 121.00 OK
r-patched-linux-x86_64 1.0.1 5.50 90.92 96.42 OK
r-patched-solaris-x86 1.0.1 112.70 NOTE
r-release-linux-x86_64 1.0.1 5.41 91.18 96.59 OK
r-release-macos-arm64 1.0.1 NOTE
r-release-macos-x86_64 1.0.1 NOTE
r-release-windows-ix86+x86_64 1.0.1 16.00 126.00 142.00 OK
r-oldrel-macos-x86_64 1.0.1 NOTE
r-oldrel-windows-ix86+x86_64 1.0.1 17.00 125.00 142.00 OK

Check Details

Version: 1.0.1
Check: dependencies in R code
Result: NOTE
    Namespaces in Imports field not imported from:
     ‘prob’ ‘titanic’
     All declared Imports should be used.
Flavors: r-devel-linux-x86_64-fedora-clang, r-devel-linux-x86_64-fedora-gcc, r-devel-windows-x86_64-new-TK, r-patched-solaris-x86, r-release-macos-arm64, r-release-macos-x86_64, r-oldrel-macos-x86_64