CRAN Package Check Results for Package rfieldclimate

Last updated on 2021-10-22 00:50:38 CEST.

Flavor Version Tinstall Tcheck Ttotal Status Flags
r-devel-linux-x86_64-debian-clang 0.1.0 4.94 49.09 54.03 NOTE
r-devel-linux-x86_64-debian-gcc 0.1.0 4.37 37.16 41.53 NOTE
r-devel-linux-x86_64-fedora-clang 0.1.0 75.24 NOTE
r-devel-linux-x86_64-fedora-gcc 0.1.0 61.97 NOTE
r-devel-windows-x86_64 0.1.0 9.00 57.00 66.00 NOTE
r-devel-windows-x86_64-gcc10-UCRT 0.1.0 NOTE
r-patched-linux-x86_64 0.1.0 5.45 46.78 52.23 NOTE
r-patched-solaris-x86 0.1.0 96.30 NOTE
r-release-linux-x86_64 0.1.0 5.29 45.89 51.18 NOTE
r-release-macos-arm64 0.1.0 NOTE
r-release-macos-x86_64 0.1.0 NOTE
r-release-windows-ix86+x86_64 0.1.0 26.00 67.00 93.00 NOTE
r-oldrel-macos-x86_64 0.1.0 OK
r-oldrel-windows-ix86+x86_64 0.1.0 15.00 73.00 88.00 OK

Check Details

Version: 0.1.0
Check: LazyData
Result: NOTE
     'LazyData' is specified without a 'data' directory
Flavors: r-devel-linux-x86_64-debian-clang, r-devel-linux-x86_64-debian-gcc, r-devel-linux-x86_64-fedora-clang, r-devel-linux-x86_64-fedora-gcc, r-devel-windows-x86_64, r-devel-windows-x86_64-gcc10-UCRT, r-patched-linux-x86_64, r-patched-solaris-x86, r-release-linux-x86_64, r-release-macos-arm64, r-release-macos-x86_64, r-release-windows-ix86+x86_64