CRAN Package Check Results for Package rfishnet2

Last updated on 2024-04-22 00:53:31 CEST.

Flavor Version Tinstall Tcheck Ttotal Status Flags
r-devel-linux-x86_64-debian-clang 0.2.0 6.11 72.43 78.54 NOTE
r-devel-linux-x86_64-debian-gcc 0.2.0 3.82 51.72 55.54 NOTE
r-devel-linux-x86_64-fedora-clang 0.2.0 94.85 NOTE
r-devel-linux-x86_64-fedora-gcc 0.2.0 87.12 NOTE
r-prerel-macos-arm64 0.2.0 28.00 NOTE
r-prerel-windows-x86_64 0.2.0 6.00 70.00 76.00 NOTE
r-patched-linux-x86_64 0.2.0 5.12 67.80 72.92 NOTE
r-release-linux-x86_64 0.2.0 4.09 67.81 71.90 NOTE
r-release-macos-arm64 0.2.0 25.00 NOTE
r-release-macos-x86_64 0.2.0 36.00 NOTE
r-release-windows-x86_64 0.2.0 8.00 78.00 86.00 NOTE
r-oldrel-macos-arm64 0.2.0 22.00 NOTE
r-oldrel-windows-x86_64 0.2.0 8.00 84.00 92.00 OK

Check Details

Version: 0.2.0
Check: package subdirectories
Result: NOTE Problems with news in ‘NEWS.md’: No news entries found. Flavors: r-devel-linux-x86_64-debian-clang, r-devel-linux-x86_64-debian-gcc, r-devel-linux-x86_64-fedora-clang, r-devel-linux-x86_64-fedora-gcc, r-prerel-macos-arm64, r-prerel-windows-x86_64, r-patched-linux-x86_64, r-release-linux-x86_64, r-release-macos-arm64, r-release-macos-x86_64, r-release-windows-x86_64

Version: 0.2.0
Check: dependencies in R code
Result: NOTE Namespace in Imports field not imported from: ‘sf’ All declared Imports should be used. Flavors: r-devel-linux-x86_64-fedora-clang, r-devel-linux-x86_64-fedora-gcc, r-oldrel-macos-arm64