CRAN Package Check Results for Package rfviz

Last updated on 2021-10-28 00:48:57 CEST.

Flavor Version Tinstall Tcheck Ttotal Status Flags
r-devel-linux-x86_64-debian-clang 1.0.0 2.73 30.23 32.96 OK
r-devel-linux-x86_64-debian-gcc 1.0.0 2.41 25.18 27.59 OK
r-devel-linux-x86_64-fedora-clang 1.0.0 54.82 NOTE
r-devel-linux-x86_64-fedora-gcc 1.0.0 44.36 NOTE
r-devel-windows-x86_64 1.0.0 5.00 43.00 48.00 OK
r-devel-windows-x86_64-gcc10-UCRT 1.0.0 NOTE
r-patched-linux-x86_64 1.0.0 3.20 30.92 34.12 OK
r-patched-solaris-x86 1.0.0 69.30 NOTE
r-release-linux-x86_64 1.0.0 2.73 30.88 33.61 OK
r-release-macos-arm64 1.0.0 NOTE
r-release-macos-x86_64 1.0.0 NOTE
r-release-windows-ix86+x86_64 1.0.0 5.00 53.00 58.00 OK
r-oldrel-macos-x86_64 1.0.0 NOTE
r-oldrel-windows-ix86+x86_64 1.0.0 7.00 52.00 59.00 OK

Check Details

Version: 1.0.0
Check: dependencies in R code
Result: NOTE
    Namespace in Imports field not imported from: ‘base’
     All declared Imports should be used.
Flavors: r-devel-linux-x86_64-fedora-clang, r-devel-linux-x86_64-fedora-gcc, r-devel-windows-x86_64-gcc10-UCRT, r-patched-solaris-x86, r-release-macos-arm64, r-release-macos-x86_64, r-oldrel-macos-x86_64