CRAN Package Check Results for Package rgeopat2

Last updated on 2018-01-24 00:47:14 CET.

Flavor Version Tinstall Tcheck Ttotal Status Flags
r-devel-linux-x86_64-debian-clang 0.1.4 2.19 37.88 40.07 NOTE
r-devel-linux-x86_64-debian-gcc 0.1.4 2.31 32.63 34.94 NOTE
r-devel-linux-x86_64-fedora-clang 0.1.4 46.75 NOTE
r-devel-linux-x86_64-fedora-gcc 0.1.4 46.03 NOTE
r-devel-windows-ix86+x86_64 0.1.4 11.00 55.00 66.00 OK
r-patched-linux-x86_64 0.1.4 2.37 36.25 38.62 OK
r-patched-solaris-x86 0.1.4 80.50 OK
r-release-linux-x86_64 0.1.4 2.49 36.19 38.68 OK
r-release-windows-ix86+x86_64 0.1.4 5.00 70.00 75.00 OK
r-release-osx-x86_64 0.1.4 OK
r-oldrel-osx-x86_64 0.1.4 ERROR

Check Details

Version: 0.1.4
Check: DESCRIPTION meta-information
Result: NOTE
    Dependence on R version ‘3.4.1’ not with patchlevel 0
Flavors: r-devel-linux-x86_64-debian-clang, r-devel-linux-x86_64-debian-gcc, r-devel-linux-x86_64-fedora-clang, r-devel-linux-x86_64-fedora-gcc

Version: 0.1.4
Check: whether package can be installed
Result: ERROR
    Installation failed.
Flavor: r-oldrel-osx-x86_64