CRAN Package Check Results for Package ricu

Last updated on 2022-12-06 00:51:20 CET.

Flavor Version Tinstall Tcheck Ttotal Status Flags
r-devel-linux-x86_64-debian-clang 0.5.4 18.04 199.91 217.95 NOTE
r-devel-linux-x86_64-debian-gcc 0.5.4 13.19 149.32 162.51 NOTE
r-devel-linux-x86_64-fedora-clang 0.5.4 280.98 NOTE
r-devel-linux-x86_64-fedora-gcc 0.5.4 272.92 NOTE
r-devel-windows-x86_64 0.5.4 104.00 238.00 342.00 NOTE
r-patched-linux-x86_64 0.5.4 19.44 184.61 204.05 NOTE
r-release-linux-x86_64 0.5.4 12.98 177.69 190.67 NOTE
r-release-macos-arm64 0.5.4 66.00 WARN
r-release-macos-x86_64 0.5.4 90.00 WARN
r-release-windows-x86_64 0.5.4 56.00 233.00 289.00 NOTE
r-oldrel-macos-arm64 0.5.4 73.00 WARN
r-oldrel-macos-x86_64 0.5.4 95.00 WARN
r-oldrel-windows-ix86+x86_64 0.5.4 39.00 209.00 248.00 NOTE

Check Details

Version: 0.5.4
Check: package dependencies
Result: NOTE
    Packages suggested but not available for checking:
     'mimic.demo', 'eicu.demo'
Flavors: r-devel-linux-x86_64-debian-clang, r-devel-linux-x86_64-debian-gcc, r-devel-linux-x86_64-fedora-clang, r-devel-linux-x86_64-fedora-gcc, r-devel-windows-x86_64, r-patched-linux-x86_64, r-release-linux-x86_64, r-release-macos-arm64, r-release-macos-x86_64, r-release-windows-x86_64, r-oldrel-macos-arm64, r-oldrel-macos-x86_64, r-oldrel-windows-ix86+x86_64

Version: 0.5.4
Check: re-building of vignette outputs
Result: WARN
    Error(s) in re-building vignettes:
     ...
    --- re-building ‘jss.Rmd’ using rmarkdown
    ! LaTeX Error: File `orcidlink.sty' not found.
    
    ! Emergency stop.
    <read *>
    
    Error: processing vignette 'jss.Rmd' failed with diagnostics:
    LaTeX failed to compile /Volumes/Builds/packages/big-sur-arm64/results/4.2/ricu.Rcheck/vign_test/ricu/vignettes/jss.tex. See https://yihui.org/tinytex/r/#debugging for debugging tips. See jss.log for more info.
    --- failed re-building ‘jss.Rmd’
    
    --- re-building ‘ricu.Rmd’ using rmarkdown
    --- finished re-building ‘ricu.Rmd’
    
    --- re-building ‘uom.Rmd’ using rmarkdown
    --- finished re-building ‘uom.Rmd’
    
    SUMMARY: processing the following file failed:
     ‘jss.Rmd’
    
    Error: Vignette re-building failed.
    Execution halted
Flavor: r-release-macos-arm64

Version: 0.5.4
Check: re-building of vignette outputs
Result: WARN
    Error(s) in re-building vignettes:
     ...
    --- re-building ‘jss.Rmd’ using rmarkdown
    ! LaTeX Error: File `orcidlink.sty' not found.
    
    ! Emergency stop.
    <read *>
    
    Error: processing vignette 'jss.Rmd' failed with diagnostics:
    LaTeX failed to compile /Volumes/Builds/packages/high-sierra-x86_64/results/4.2/ricu.Rcheck/vign_test/ricu/vignettes/jss.tex. See https://yihui.org/tinytex/r/#debugging for debugging tips. See jss.log for more info.
    --- failed re-building ‘jss.Rmd’
    
    --- re-building ‘ricu.Rmd’ using rmarkdown
    --- finished re-building ‘ricu.Rmd’
    
    --- re-building ‘uom.Rmd’ using rmarkdown
    --- finished re-building ‘uom.Rmd’
    
    SUMMARY: processing the following file failed:
     ‘jss.Rmd’
    
    Error: Vignette re-building failed.
    Execution halted
Flavor: r-release-macos-x86_64

Version: 0.5.4
Check: re-building of vignette outputs
Result: WARN
    Error(s) in re-building vignettes:
     ...
    --- re-building ‘jss.Rmd’ using rmarkdown
    ! LaTeX Error: File `orcidlink.sty' not found.
    
    ! Emergency stop.
    <read *>
    
    Error: processing vignette 'jss.Rmd' failed with diagnostics:
    LaTeX failed to compile /Volumes/Builds/packages/big-sur-arm64/results/4.1/ricu.Rcheck/vign_test/ricu/vignettes/jss.tex. See https://yihui.org/tinytex/r/#debugging for debugging tips. See jss.log for more info.
    --- failed re-building ‘jss.Rmd’
    
    --- re-building ‘ricu.Rmd’ using rmarkdown
    --- finished re-building ‘ricu.Rmd’
    
    --- re-building ‘uom.Rmd’ using rmarkdown
    --- finished re-building ‘uom.Rmd’
    
    SUMMARY: processing the following file failed:
     ‘jss.Rmd’
    
    Error: Vignette re-building failed.
    Execution halted
Flavor: r-oldrel-macos-arm64

Version: 0.5.4
Check: re-building of vignette outputs
Result: WARN
    Error(s) in re-building vignettes:
     ...
    --- re-building ‘jss.Rmd’ using rmarkdown
    ! LaTeX Error: File `orcidlink.sty' not found.
    
    ! Emergency stop.
    <read *>
    
    Error: processing vignette 'jss.Rmd' failed with diagnostics:
    LaTeX failed to compile /Volumes/Builds/packages/high-sierra-x86_64/results/4.1/ricu.Rcheck/vign_test/ricu/vignettes/jss.tex. See https://yihui.org/tinytex/r/#debugging for debugging tips. See jss.log for more info.
    --- failed re-building ‘jss.Rmd’
    
    --- re-building ‘ricu.Rmd’ using rmarkdown
    --- finished re-building ‘ricu.Rmd’
    
    --- re-building ‘uom.Rmd’ using rmarkdown
    --- finished re-building ‘uom.Rmd’
    
    SUMMARY: processing the following file failed:
     ‘jss.Rmd’
    
    Error: Vignette re-building failed.
    Execution halted
Flavor: r-oldrel-macos-x86_64