Last updated on 2023-06-08 01:02:39 CEST.
Flavor | Version | Tinstall | Tcheck | Ttotal | Status | Flags |
---|---|---|---|---|---|---|
r-devel-linux-x86_64-debian-clang | 0.5.29 | 7.71 | 94.32 | 102.03 | OK | |
r-devel-linux-x86_64-debian-gcc | 0.5.29 | 6.54 | 69.48 | 76.02 | OK | |
r-devel-linux-x86_64-fedora-clang | 0.5.29 | 128.92 | OK | |||
r-devel-linux-x86_64-fedora-gcc | 0.5.29 | 131.52 | OK | |||
r-devel-windows-x86_64 | 0.5.29 | 9.00 | 95.00 | 104.00 | NOTE | |
r-patched-linux-x86_64 | 0.5.29 | 7.56 | 88.65 | 96.21 | OK | |
r-release-linux-x86_64 | 0.5.29 | 5.25 | 86.97 | 92.22 | OK | |
r-release-macos-arm64 | 0.5.29 | 89.00 | OK | |||
r-release-macos-x86_64 | 0.5.29 | 82.00 | OK | |||
r-release-windows-x86_64 | 0.5.29 | 11.00 | 108.00 | 119.00 | NOTE | |
r-oldrel-macos-arm64 | 0.5.29 | 44.00 | OK | |||
r-oldrel-macos-x86_64 | 0.5.29 | 72.00 | OK | |||
r-oldrel-windows-x86_64 | 0.5.29 | 10.00 | 107.00 | 117.00 | NOTE |
Version: 0.5.29
Check: dependencies in R code
Result: NOTE
#STDOFF 2:05:08.9
#STDOFF 8:05:43.2
#STDOFF 7:36:41.7
#STDOFF -0:25:21.1
#STDOFF 1:39:49.2
#STDOFF -0:36:44.68
#STDOFF -4:56:01.6
#STDOFF -3:58:29.2
#STDOFF -4:19:18.3
#STDOFF -5:36:13.3
#STDOFF -4:56:16.4
#STDOFF 2:05:08.9
#STDOFF 8:05:43.2
#STDOFF 7:36:41.7
#STDOFF -0:25:21.1
#STDOFF 1:39:49.2
#STDOFF -0:36:44.68
#STDOFF -4:56:01.6
#STDOFF -3:58:29.2
#STDOFF -4:19:18.3
#STDOFF -5:36:13.3
#STDOFF -4:56:16.4
Flavors: r-devel-windows-x86_64, r-release-windows-x86_64, r-oldrel-windows-x86_64