CRAN Package Check Results for Package ripserr

Last updated on 2021-10-16 00:49:28 CEST.

Flavor Version Tinstall Tcheck Ttotal Status Flags
r-devel-linux-x86_64-debian-clang 0.1.1 48.50 35.97 84.47 NOTE
r-devel-linux-x86_64-debian-gcc 0.1.1 34.13 31.33 65.46 NOTE
r-devel-linux-x86_64-fedora-clang 0.1.1 141.40 NOTE
r-devel-linux-x86_64-fedora-gcc 0.1.1 114.61 NOTE
r-devel-windows-x86_64 0.1.1 54.00 52.00 106.00 NOTE
r-devel-windows-x86_64-gcc10-UCRT 0.1.1 NOTE
r-patched-linux-x86_64 0.1.1 42.10 37.15 79.25 NOTE
r-patched-solaris-x86 0.1.1 135.20 NOTE
r-release-linux-x86_64 0.1.1 42.21 36.62 78.83 NOTE
r-release-macos-arm64 0.1.1 NOTE
r-release-macos-x86_64 0.1.1 NOTE
r-release-windows-ix86+x86_64 0.1.1 126.00 91.00 217.00 NOTE
r-oldrel-macos-x86_64 0.1.1 OK
r-oldrel-windows-ix86+x86_64 0.1.1 129.00 91.00 220.00 OK

Check Details

Version: 0.1.1
Check: LazyData
Result: NOTE
     'LazyData' is specified without a 'data' directory
Flavors: r-devel-linux-x86_64-debian-clang, r-devel-linux-x86_64-debian-gcc, r-devel-linux-x86_64-fedora-clang, r-devel-linux-x86_64-fedora-gcc, r-devel-windows-x86_64, r-devel-windows-x86_64-gcc10-UCRT, r-patched-linux-x86_64, r-patched-solaris-x86, r-release-linux-x86_64, r-release-macos-arm64, r-release-macos-x86_64, r-release-windows-ix86+x86_64