CRAN Package Check Results for Package riskmetric

Last updated on 2023-05-29 00:59:43 CEST.

Flavor Version Tinstall Tcheck Ttotal Status Flags
r-devel-linux-x86_64-debian-clang 0.2.1 13.29 198.68 211.97 NOTE
r-devel-linux-x86_64-debian-gcc 0.2.1 12.82 151.54 164.36 NOTE
r-devel-linux-x86_64-fedora-clang 0.2.1 264.84 NOTE
r-devel-linux-x86_64-fedora-gcc 0.2.1 363.80 NOTE
r-devel-windows-x86_64 0.2.1 35.00 208.00 243.00 NOTE
r-patched-linux-x86_64 0.2.1 14.85 216.69 231.54 NOTE
r-release-linux-x86_64 0.2.1 11.64 216.44 228.08 NOTE
r-release-macos-arm64 0.2.1 204.00 NOTE
r-release-macos-x86_64 0.2.1 285.00 NOTE
r-release-windows-x86_64 0.2.1 40.00 280.00 320.00 NOTE
r-oldrel-macos-arm64 0.2.1 169.00 OK
r-oldrel-macos-x86_64 0.2.1 235.00 OK
r-oldrel-windows-x86_64 0.2.1 42.00 276.00 318.00 OK

Check Details

Version: 0.2.1
Check: Rd \usage sections
Result: NOTE
    S3 methods shown with full name in documentation object ‘pkg_ref_cache.archive_release_dates’:
     ‘pkg_ref_cache.archive_release_dates’
    
    S3 methods shown with full name in documentation object ‘pkg_ref_cache.bug_reports’:
     ‘pkg_ref_cache.bug_reports’
    
    S3 methods shown with full name in documentation object ‘pkg_ref_cache.bug_reports_host’:
     ‘pkg_ref_cache.bug_reports_host’
    
    S3 methods shown with full name in documentation object ‘pkg_ref_cache.bug_reports_url’:
     ‘pkg_ref_cache.bug_reports_url’
    
    S3 methods shown with full name in documentation object ‘pkg_ref_cache.covr_coverage’:
     ‘pkg_ref_cache.covr_coverage’
    
    S3 methods shown with full name in documentation object ‘pkg_ref_cache.description’:
     ‘pkg_ref_cache.description’
    
    S3 methods shown with full name in documentation object ‘pkg_ref_cache.expression_coverage’:
     ‘pkg_ref_cache.expression_coverage’
    
    S3 methods shown with full name in documentation object ‘pkg_ref_cache.help’:
     ‘pkg_ref_cache.help’
    
    S3 methods shown with full name in documentation object ‘pkg_ref_cache.help_aliases’:
     ‘pkg_ref_cache.help_aliases’
    
    S3 methods shown with full name in documentation object ‘pkg_ref_cache.license’:
     ‘pkg_ref_cache.license’
    
    S3 methods shown with full name in documentation object ‘pkg_ref_cache.maintainer’:
     ‘pkg_ref_cache.maintainer’
    
    S3 methods shown with full name in documentation object ‘pkg_ref_cache.news’:
     ‘pkg_ref_cache.news’
    
    S3 methods shown with full name in documentation object ‘pkg_ref_cache.news_urls’:
     ‘pkg_ref_cache.news_urls’
    
    S3 methods shown with full name in documentation object ‘pkg_ref_cache.r_cmd_check’:
     ‘pkg_ref_cache.r_cmd_check’
    
    S3 methods shown with full name in documentation object ‘pkg_ref_cache.release_date’:
     ‘pkg_ref_cache.release_date’
    
    S3 methods shown with full name in documentation object ‘pkg_ref_cache.remote_checks’:
     ‘pkg_ref_cache.remote_checks’
    
    S3 methods shown with full name in documentation object ‘pkg_ref_cache.repo_base_url’:
     ‘pkg_ref_cache.repo_base_url’
    
    S3 methods shown with full name in documentation object ‘pkg_ref_cache.tarball_url’:
     ‘pkg_ref_cache.tarball_url’
    
    S3 methods shown with full name in documentation object ‘pkg_ref_cache.vignettes’:
     ‘pkg_ref_cache.vignettes’
    
    S3 methods shown with full name in documentation object ‘pkg_ref_cache.web_html’:
     ‘pkg_ref_cache.web_html’
    
    S3 methods shown with full name in documentation object ‘pkg_ref_cache.web_url’:
     ‘pkg_ref_cache.web_url’
    
    S3 methods shown with full name in documentation object ‘pkg_ref_cache.website_urls’:
     ‘pkg_ref_cache.website_urls’
    
    The \usage entries for S3 methods should use the \method markup and not
    their full name.
    See chapter ‘Writing R documentation files’ in the ‘Writing R
    Extensions’ manual.
Flavors: r-devel-linux-x86_64-debian-clang, r-devel-linux-x86_64-debian-gcc, r-devel-linux-x86_64-fedora-clang, r-devel-linux-x86_64-fedora-gcc, r-devel-windows-x86_64, r-patched-linux-x86_64, r-release-linux-x86_64, r-release-macos-arm64, r-release-macos-x86_64, r-release-windows-x86_64