Last updated on 2023-09-24 23:59:59 CEST.
Flavor | Version | Tinstall | Tcheck | Ttotal | Status | Flags |
---|---|---|---|---|---|---|
r-devel-linux-x86_64-debian-clang | 1.1.0 | 5.25 | 50.83 | 56.08 | NOTE | |
r-devel-linux-x86_64-debian-gcc | 1.1.0 | 4.19 | 39.15 | 43.34 | NOTE | |
r-devel-linux-x86_64-fedora-clang | 1.1.0 | 70.51 | NOTE | |||
r-devel-linux-x86_64-fedora-gcc | 1.1.0 | 68.45 | NOTE | |||
r-devel-windows-x86_64 | 1.1.0 | 6.00 | 69.00 | 75.00 | NOTE | |
r-patched-linux-x86_64 | 1.1.0 | 3.72 | 49.99 | 53.71 | NOTE | |
r-release-linux-x86_64 | 1.1.0 | 3.25 | 49.63 | 52.88 | NOTE | |
r-release-macos-arm64 | 1.1.0 | 34.00 | NOTE | |||
r-release-macos-x86_64 | 1.1.0 | 46.00 | NOTE | |||
r-release-windows-x86_64 | 1.1.0 | 7.00 | 74.00 | 81.00 | NOTE | |
r-oldrel-macos-arm64 | 1.1.0 | 30.00 | NOTE | |||
r-oldrel-macos-x86_64 | 1.1.0 | 43.00 | NOTE | |||
r-oldrel-windows-x86_64 | 1.1.0 | 8.00 | 84.00 | 92.00 | NOTE |
Version: 1.1.0
Check: LazyData
Result: NOTE
'LazyData' is specified without a 'data' directory
Flavors: r-devel-linux-x86_64-debian-clang, r-devel-linux-x86_64-debian-gcc, r-devel-linux-x86_64-fedora-clang, r-devel-linux-x86_64-fedora-gcc, r-devel-windows-x86_64, r-patched-linux-x86_64, r-release-linux-x86_64, r-release-macos-arm64, r-release-macos-x86_64, r-release-windows-x86_64, r-oldrel-macos-arm64, r-oldrel-macos-x86_64, r-oldrel-windows-x86_64