CRAN Package Check Results for Package rmapzen

Last updated on 2021-10-17 00:48:49 CEST.

Flavor Version Tinstall Tcheck Ttotal Status Flags
r-devel-linux-x86_64-debian-clang 0.4.3 4.19 108.45 112.64 OK
r-devel-linux-x86_64-debian-gcc 0.4.3 4.14 79.62 83.76 OK
r-devel-linux-x86_64-fedora-clang 0.4.3 143.03 NOTE
r-devel-linux-x86_64-fedora-gcc 0.4.3 133.03 NOTE
r-devel-windows-x86_64 0.4.3 17.00 112.00 129.00 OK
r-devel-windows-x86_64-gcc10-UCRT 0.4.3 NOTE
r-patched-linux-x86_64 0.4.3 4.52 103.51 108.03 OK
r-patched-solaris-x86 0.4.3 132.80 NOTE
r-release-linux-x86_64 0.4.3 4.51 102.82 107.33 OK
r-release-macos-arm64 0.4.3 NOTE
r-release-macos-x86_64 0.4.3 NOTE
r-release-windows-ix86+x86_64 0.4.3 10.00 146.00 156.00 OK
r-oldrel-macos-x86_64 0.4.3 NOTE
r-oldrel-windows-ix86+x86_64 0.4.3 10.00 147.00 157.00 OK

Check Details

Version: 0.4.3
Check: data for non-ASCII characters
Result: NOTE
     Note: found 31 marked UTF-8 strings
Flavors: r-devel-linux-x86_64-fedora-clang, r-devel-linux-x86_64-fedora-gcc, r-devel-windows-x86_64-gcc10-UCRT, r-patched-solaris-x86, r-release-macos-arm64, r-release-macos-x86_64, r-oldrel-macos-x86_64