Last updated on 2023-09-27 23:37:44 CEST.
Flavor | Version | Tinstall | Tcheck | Ttotal | Status | Flags |
---|---|---|---|---|---|---|
r-devel-linux-x86_64-debian-clang | 0.7.0 | 7.18 | 78.78 | 85.96 | NOTE | |
r-devel-linux-x86_64-debian-gcc | 0.7.0 | 4.89 | 59.35 | 64.24 | NOTE | |
r-devel-linux-x86_64-fedora-clang | 0.7.0 | 103.56 | NOTE | |||
r-devel-linux-x86_64-fedora-gcc | 0.7.0 | 111.44 | NOTE | |||
r-devel-windows-x86_64 | 0.7.0 | 7.00 | 82.00 | 89.00 | NOTE | |
r-patched-linux-x86_64 | 0.7.0 | 7.88 | 76.50 | 84.38 | OK | |
r-release-linux-x86_64 | 0.7.0 | 5.32 | 77.62 | 82.94 | OK | |
r-release-macos-arm64 | 0.7.0 | 44.00 | OK | |||
r-release-macos-x86_64 | 0.7.0 | 59.00 | OK | |||
r-release-windows-x86_64 | 0.7.0 | 10.00 | 94.00 | 104.00 | OK | |
r-oldrel-macos-arm64 | 0.7.0 | 33.00 | OK | |||
r-oldrel-macos-x86_64 | 0.7.0 | 44.00 | OK | |||
r-oldrel-windows-x86_64 | 0.7.0 | 11.00 | 93.00 | 104.00 | OK |
Version: 0.7.0
Check: Rd \usage sections
Result: NOTE
Documented arguments not in \usage in documentation object 'bind':
‘.single_on_bind’
Functions with \usage entries need to have the appropriate \alias
entries, and all their arguments documented.
The \usage entries must correspond to syntactically valid R code.
See chapter ‘Writing R documentation files’ in the ‘Writing R
Extensions’ manual.
Flavors: r-devel-linux-x86_64-debian-clang, r-devel-linux-x86_64-debian-gcc, r-devel-linux-x86_64-fedora-clang, r-devel-linux-x86_64-fedora-gcc, r-devel-windows-x86_64