CRAN Package Check Results for Package rmutil

Last updated on 2021-11-29 00:48:40 CET.

Flavor Version Tinstall Tcheck Ttotal Status Flags
r-devel-linux-x86_64-debian-clang 1.1.5 NOTE
r-devel-linux-x86_64-debian-gcc 1.1.5 12.46 58.73 71.19 NOTE
r-devel-linux-x86_64-fedora-clang 1.1.5 127.87 NOTE
r-devel-linux-x86_64-fedora-gcc 1.1.5 114.70 NOTE
r-devel-windows-x86_64-new-UL 1.1.5 36.00 98.00 134.00 NOTE
r-devel-windows-x86_64-new-TK 1.1.5 NOTE
r-devel-windows-x86_64-old 1.1.5 29.00 76.00 105.00 NOTE
r-patched-linux-x86_64 1.1.5 17.76 75.08 92.84 NOTE
r-patched-solaris-x86 1.1.5 138.70 NOTE
r-release-linux-x86_64 1.1.5 15.92 73.77 89.69 NOTE
r-release-macos-arm64 1.1.5 NOTE
r-release-macos-x86_64 1.1.5 NOTE
r-release-windows-ix86+x86_64 1.1.5 34.00 73.00 107.00 NOTE
r-oldrel-macos-x86_64 1.1.5 OK
r-oldrel-windows-ix86+x86_64 1.1.5 30.00 70.00 100.00 OK

Check Details

Version: 1.1.5
Check: LazyData
Result: NOTE
     'LazyData' is specified without a 'data' directory
Flavors: r-devel-linux-x86_64-debian-clang, r-devel-linux-x86_64-debian-gcc, r-devel-linux-x86_64-fedora-clang, r-devel-linux-x86_64-fedora-gcc, r-devel-windows-x86_64-new-UL, r-devel-windows-x86_64-new-TK, r-devel-windows-x86_64-old, r-patched-linux-x86_64, r-patched-solaris-x86, r-release-linux-x86_64, r-release-macos-arm64, r-release-macos-x86_64, r-release-windows-ix86+x86_64