CRAN Package Check Results for Package rnaturalearth

Last updated on 2023-09-22 00:53:28 CEST.

Flavor Version Tinstall Tcheck Ttotal Status Flags
r-devel-linux-x86_64-debian-clang 0.3.4 7.17 127.63 134.80 NOTE
r-devel-linux-x86_64-debian-gcc 0.3.4 5.41 96.78 102.19 NOTE
r-devel-linux-x86_64-fedora-clang 0.3.4 163.02 NOTE
r-devel-linux-x86_64-fedora-gcc 0.3.4 171.29 NOTE
r-devel-windows-x86_64 0.3.4 8.00 115.00 123.00 NOTE
r-patched-linux-x86_64 0.3.4 6.27 124.98 131.25 NOTE
r-release-linux-x86_64 0.3.4 5.84 124.75 130.59 NOTE
r-release-macos-arm64 0.3.4 54.00 NOTE
r-release-macos-x86_64 0.3.4 114.00 NOTE
r-release-windows-x86_64 0.3.4 10.00 137.00 147.00 NOTE
r-oldrel-macos-arm64 0.3.4 68.00 NOTE
r-oldrel-macos-x86_64 0.3.4 88.00 NOTE
r-oldrel-windows-x86_64 0.3.4 11.00 133.00 144.00 NOTE

Check Details

Version: 0.3.4
Check: package dependencies
Result: NOTE
    Package suggested but not available for checking: ‘rnaturalearthhires’
Flavors: r-devel-linux-x86_64-debian-clang, r-devel-linux-x86_64-debian-gcc, r-devel-linux-x86_64-fedora-clang, r-devel-linux-x86_64-fedora-gcc, r-devel-windows-x86_64, r-patched-linux-x86_64, r-release-linux-x86_64, r-release-macos-arm64, r-release-macos-x86_64, r-release-windows-x86_64, r-oldrel-macos-arm64, r-oldrel-macos-x86_64, r-oldrel-windows-x86_64

Version: 0.3.4
Check: Rd cross-references
Result: NOTE
    Undeclared package ‘raster’ in Rd xrefs
Flavor: r-devel-linux-x86_64-fedora-clang

Version: 0.3.4
Check: data for non-ASCII characters
Result: NOTE
     Note: found 2800 marked UTF-8 strings
Flavors: r-devel-linux-x86_64-fedora-clang, r-devel-linux-x86_64-fedora-gcc