CRAN Package Check Results for Package rnbp

Last updated on 2024-06-14 00:53:56 CEST.

Flavor Version Tinstall Tcheck Ttotal Status Flags
r-devel-linux-x86_64-debian-clang 0.2.1 2.35 31.71 34.06 OK
r-devel-linux-x86_64-debian-gcc 0.2.1 2.06 23.15 25.21 ERROR
r-devel-linux-x86_64-fedora-clang 0.2.1 45.29 OK
r-devel-linux-x86_64-fedora-gcc 0.2.1 66.62 OK
r-devel-windows-x86_64 0.2.1 3.00 51.00 54.00 OK
r-patched-linux-x86_64 0.2.1 3.08 31.88 34.96 OK
r-release-linux-x86_64 0.2.1 2.51 31.67 34.18 OK
r-release-macos-arm64 0.2.1 33.00 OK
r-release-macos-x86_64 0.2.1 49.00 OK
r-release-windows-x86_64 0.2.1 4.00 52.00 56.00 OK
r-oldrel-macos-arm64 0.2.1 29.00 OK
r-oldrel-macos-x86_64 0.2.1 51.00 OK
r-oldrel-windows-x86_64 0.2.1 4.00 53.00 57.00 OK

Check Details

Version: 0.2.1
Check: package dependencies
Result: NOTE Packages suggested but not available for checking: 'httptest', 'testthat', 'ggplot2' Flavor: r-devel-linux-x86_64-debian-gcc

Version: 0.2.1
Check: tests
Result: ERROR Running ‘testthat.R’ [0s/1s] Running the tests in ‘tests/testthat.R’ failed. Complete output: > library(testthat) Error in library(testthat) : there is no package called 'testthat' Execution halted Flavor: r-devel-linux-x86_64-debian-gcc