CRAN Package Check Results for Package rnoaa

Last updated on 2021-09-20 00:49:11 CEST.

Flavor Version Tinstall Tcheck Ttotal Status Flags
r-devel-linux-x86_64-debian-clang 1.3.4 14.50 95.84 110.34 OK
r-devel-linux-x86_64-debian-gcc 1.3.4 8.87 71.73 80.60 OK
r-devel-linux-x86_64-fedora-clang 1.3.4 135.47 OK
r-devel-linux-x86_64-fedora-gcc 1.3.4 123.07 OK
r-devel-windows-x86_64 1.3.4 13.00 91.00 104.00 OK
r-devel-windows-x86_64-gcc10-UCRT 1.3.4 ERROR
r-patched-linux-x86_64 1.3.4 19.91 89.38 109.29 OK
r-patched-solaris-x86 1.3.4 171.40 OK
r-release-linux-x86_64 1.3.4 11.05 89.28 100.33 OK
r-release-macos-arm64 1.3.4 OK
r-release-macos-x86_64 1.3.4 OK
r-release-windows-ix86+x86_64 1.3.4 26.00 90.00 116.00 OK
r-oldrel-macos-x86_64 1.3.4 OK
r-oldrel-windows-ix86+x86_64 1.3.4 25.00 86.00 111.00 OK

Additional issues

donttest

Check Details

Version: 1.3.4
Check: package dependencies
Result: ERROR
    Package required but not available: 'XML'
    
    Package suggested but not available for checking: 'taxize'
    
    See section 'The DESCRIPTION file' in the 'Writing R Extensions'
    manual.
Flavor: r-devel-windows-x86_64-gcc10-UCRT