Last updated on 2023-05-29 00:59:43 CEST.
Flavor | Version | Tinstall | Tcheck | Ttotal | Status | Flags |
---|---|---|---|---|---|---|
r-devel-linux-x86_64-debian-clang | 1.4.0 | 15.43 | 112.03 | 127.46 | OK | |
r-devel-linux-x86_64-debian-gcc | 1.4.0 | 9.52 | 81.95 | 91.47 | OK | |
r-devel-linux-x86_64-fedora-clang | 1.4.0 | 153.16 | OK | |||
r-devel-linux-x86_64-fedora-gcc | 1.4.0 | 144.38 | OK | |||
r-devel-windows-x86_64 | 1.4.0 | 13.00 | 106.00 | 119.00 | OK | |
r-patched-linux-x86_64 | 1.4.0 | 19.21 | 104.61 | 123.82 | OK | |
r-release-linux-x86_64 | 1.4.0 | 9.41 | 105.20 | 114.61 | OK | |
r-release-macos-arm64 | 1.4.0 | 46.00 | OK | |||
r-release-macos-x86_64 | 1.3.8 | 91.00 | WARN | |||
r-release-windows-x86_64 | 1.4.0 | 16.00 | 129.00 | 145.00 | OK | |
r-oldrel-macos-arm64 | 1.4.0 | 43.00 | OK | |||
r-oldrel-macos-x86_64 | 1.4.0 | 59.00 | OK | |||
r-oldrel-windows-x86_64 | 1.4.0 | 16.00 | 118.00 | 134.00 | OK |
Version: 1.3.8
Check: S3 generic/method consistency
Result: WARN
autoplot:
function(object, ...)
autoplot.meteo_coverage:
function(mateo_coverage, old_style)
See section ‘Generic functions and methods’ in the ‘Writing R
Extensions’ manual.
Flavor: r-release-macos-x86_64