CRAN Package Check Results for Package roahd

Last updated on 2021-10-27 00:51:17 CEST.

Flavor Version Tinstall Tcheck Ttotal Status Flags
r-devel-linux-x86_64-debian-clang 1.4.2 9.31 188.91 198.22 OK
r-devel-linux-x86_64-debian-gcc 1.4.2 7.21 136.65 143.86 OK
r-devel-linux-x86_64-fedora-clang 1.4.2 240.67 NOTE
r-devel-linux-x86_64-fedora-gcc 1.4.2 231.92 OK
r-devel-windows-x86_64 1.4.2 15.00 193.00 208.00 NOTE
r-devel-windows-x86_64-gcc10-UCRT 1.4.2 OK
r-patched-linux-x86_64 1.4.2 10.87 178.23 189.10 OK
r-patched-solaris-x86 1.4.2 249.40 NOTE
r-release-linux-x86_64 1.4.2 9.71 178.83 188.54 OK
r-release-macos-arm64 1.4.2 NOTE
r-release-macos-x86_64 1.4.2 NOTE
r-release-windows-ix86+x86_64 1.4.2 12.00 240.00 252.00 NOTE
r-oldrel-macos-x86_64 1.4.2 NOTE
r-oldrel-windows-ix86+x86_64 1.4.2 18.00 241.00 259.00 NOTE

Check Details

Version: 1.4.2
Check: installed package size
Result: NOTE
     installed size is 5.1Mb
     sub-directories of 1Mb or more:
     data 2.9Mb
     doc 1.7Mb
Flavors: r-devel-linux-x86_64-fedora-clang, r-devel-windows-x86_64, r-patched-solaris-x86, r-release-macos-arm64, r-release-macos-x86_64, r-release-windows-ix86+x86_64, r-oldrel-macos-x86_64, r-oldrel-windows-ix86+x86_64