Last updated on 2023-05-29 00:59:43 CEST.
Flavor | Version | Tinstall | Tcheck | Ttotal | Status | Flags |
---|---|---|---|---|---|---|
r-devel-linux-x86_64-debian-clang | 2.11.3 | 9.62 | 92.44 | 102.06 | OK | |
r-devel-linux-x86_64-debian-gcc | 2.11.3 | 8.00 | 68.67 | 76.67 | OK | |
r-devel-linux-x86_64-fedora-clang | 2.11.3 | 125.58 | NOTE | |||
r-devel-linux-x86_64-fedora-gcc | 2.11.3 | 126.13 | NOTE | |||
r-devel-windows-x86_64 | 2.11.3 | 10.00 | 93.00 | 103.00 | OK | |
r-patched-linux-x86_64 | 2.11.3 | 6.32 | 84.30 | 90.62 | OK | |
r-release-linux-x86_64 | 2.11.3 | 6.22 | 84.78 | 91.00 | OK | |
r-release-macos-arm64 | 2.11.3 | 59.00 | OK | |||
r-release-macos-x86_64 | 2.11.3 | 81.00 | OK | |||
r-release-windows-x86_64 | 2.11.3 | 14.00 | 108.00 | 122.00 | OK | |
r-oldrel-macos-arm64 | 2.11.3 | 53.00 | NOTE | |||
r-oldrel-macos-x86_64 | 2.11.3 | 65.00 | NOTE | |||
r-oldrel-windows-x86_64 | 2.11.3 | 13.00 | 110.00 | 123.00 | OK |
Version: 2.11.3
Check: dependencies in R code
Result: NOTE
Namespace in Imports field not imported from: ‘memoise’
All declared Imports should be used.
Flavors: r-devel-linux-x86_64-fedora-clang, r-devel-linux-x86_64-fedora-gcc, r-oldrel-macos-arm64, r-oldrel-macos-x86_64