Last updated on 2023-06-02 01:00:37 CEST.
Flavor | Version | Tinstall | Tcheck | Ttotal | Status | Flags |
---|---|---|---|---|---|---|
r-devel-linux-x86_64-debian-clang | 1.2-3 | 32.73 | 117.42 | 150.15 | OK | |
r-devel-linux-x86_64-debian-gcc | 1.2-3 | 25.82 | 88.58 | 114.40 | OK | |
r-devel-linux-x86_64-fedora-clang | 1.2-3 | 194.19 | OK | |||
r-devel-linux-x86_64-fedora-gcc | 1.2-3 | 195.80 | OK | |||
r-devel-windows-x86_64 | 1.2-3 | 28.00 | 114.00 | 142.00 | OK | |
r-patched-linux-x86_64 | 1.2-3 | OK | ||||
r-release-linux-x86_64 | 1.2-3 | 27.05 | 109.81 | 136.86 | OK | |
r-release-macos-arm64 | 1.2-3 | 55.00 | OK | |||
r-release-macos-x86_64 | 1.2-3 | 91.00 | NOTE | |||
r-release-windows-x86_64 | 1.2-3 | 36.00 | 140.00 | 176.00 | OK | |
r-oldrel-macos-arm64 | 1.2-3 | 58.00 | OK | |||
r-oldrel-macos-x86_64 | 1.2-3 | 72.00 | OK | |||
r-oldrel-windows-x86_64 | 1.2-3 | 33.00 | 141.00 | 174.00 | OK |
Version: 1.2-3
Check: package dependencies
Result: NOTE
Package suggested but not available for checking: ‘robustbase’
Flavor: r-release-macos-x86_64