Last updated on 2023-03-23 00:51:22 CET.
Flavor | Version | Tinstall | Tcheck | Ttotal | Status | Flags |
---|---|---|---|---|---|---|
r-devel-linux-x86_64-debian-clang | 0.7.13 | 3.41 | 43.70 | 47.11 | NOTE | |
r-devel-linux-x86_64-debian-gcc | 0.7.13 | 2.59 | 33.31 | 35.90 | NOTE | |
r-devel-linux-x86_64-fedora-clang | 0.7.13 | 62.86 | NOTE | |||
r-devel-linux-x86_64-fedora-gcc | 0.7.13 | 66.77 | NOTE | |||
r-patched-linux-x86_64 | 0.7.13 | 2.88 | 42.01 | 44.89 | NOTE | |
r-release-linux-x86_64 | 0.7.13 | 2.89 | 41.35 | 44.24 | NOTE | |
r-release-macos-arm64 | 0.7.13 | 25.00 | NOTE | |||
r-release-macos-x86_64 | 0.7.13 | 33.00 | NOTE | |||
r-release-windows-x86_64 | 0.7.13 | 6.00 | 77.00 | 83.00 | NOTE | |
r-oldrel-macos-arm64 | 0.7.13 | 33.00 | NOTE | |||
r-oldrel-macos-x86_64 | 0.7.13 | 43.00 | NOTE | |||
r-oldrel-windows-ix86+x86_64 | 0.7.13 | 8.00 | 78.00 | 86.00 | NOTE |
Version: 0.7.13
Check: LazyData
Result: NOTE
'LazyData' is specified without a 'data' directory
Flavors: r-devel-linux-x86_64-debian-clang, r-devel-linux-x86_64-debian-gcc, r-devel-linux-x86_64-fedora-clang, r-devel-linux-x86_64-fedora-gcc, r-patched-linux-x86_64, r-release-linux-x86_64, r-release-macos-arm64, r-release-macos-x86_64, r-release-windows-x86_64, r-oldrel-macos-arm64, r-oldrel-macos-x86_64, r-oldrel-windows-ix86+x86_64
Version: 0.7.13
Check: dependencies in R code
Result: NOTE
Namespace in Imports field not imported from: ‘future’
All declared Imports should be used.
Flavors: r-devel-linux-x86_64-fedora-clang, r-devel-linux-x86_64-fedora-gcc, r-release-macos-arm64, r-release-macos-x86_64, r-oldrel-macos-arm64, r-oldrel-macos-x86_64