CRAN Package Check Results for Package robreg3S

Last updated on 2024-07-19 00:53:29 CEST.

Flavor Version Tinstall Tcheck Ttotal Status Flags
r-devel-linux-x86_64-debian-clang 0.3 6.42 67.85 74.27 OK
r-devel-linux-x86_64-debian-gcc 0.3 5.64 51.64 57.28 OK
r-devel-linux-x86_64-fedora-clang 0.3 97.36 OK
r-devel-linux-x86_64-fedora-gcc 0.3 89.73 OK
r-devel-windows-x86_64 0.3 9.00 69.00 78.00 NOTE
r-patched-linux-x86_64 0.3 12.35 64.45 76.80 OK
r-release-linux-x86_64 0.3 7.48 63.82 71.30 OK
r-release-macos-arm64 0.3 31.00 OK
r-release-macos-x86_64 0.3 46.00 OK
r-release-windows-x86_64 0.3 10.00 69.00 79.00 OK
r-oldrel-macos-arm64 0.3 32.00 OK
r-oldrel-macos-x86_64 0.3 50.00 OK
r-oldrel-windows-x86_64 0.3 10.00 79.00 89.00 OK

Check Details

Version: 0.3
Check: Rd cross-references
Result: NOTE Found the following Rd file(s) with Rd \link{} targets missing package anchors: robreg3S.Rd: GSE simulation-tools.Rd: generate.randcorr Please provide package anchors for all Rd \link{} targets not in the package itself and the base packages. Flavor: r-devel-windows-x86_64