Last updated on 2023-06-04 00:54:41 CEST.
Flavor | Version | Tinstall | Tcheck | Ttotal | Status | Flags |
---|---|---|---|---|---|---|
r-devel-linux-x86_64-debian-clang | 2.1 | 3.78 | 31.05 | 34.83 | OK | |
r-devel-linux-x86_64-debian-gcc | 2.1 | 2.40 | 24.40 | 26.80 | OK | |
r-devel-linux-x86_64-fedora-clang | 2.1 | 45.14 | NOTE | |||
r-devel-linux-x86_64-fedora-gcc | 2.1 | 54.11 | NOTE | |||
r-devel-windows-x86_64 | 2.1 | 4.00 | 46.00 | 50.00 | OK | |
r-patched-linux-x86_64 | 2.1 | OK | ||||
r-release-linux-x86_64 | 2.1 | 3.17 | 29.81 | 32.98 | OK | |
r-release-macos-arm64 | 2.1 | 22.00 | OK | |||
r-release-macos-x86_64 | 2.1 | 34.00 | OK | |||
r-release-windows-x86_64 | 2.1 | 4.00 | 49.00 | 53.00 | OK | |
r-oldrel-macos-arm64 | 2.1 | 19.00 | OK | |||
r-oldrel-macos-x86_64 | 2.1 | 27.00 | OK | |||
r-oldrel-windows-x86_64 | 2.1 | 5.00 | 51.00 | 56.00 | OK |
Version: 2.1
Check: data for non-ASCII characters
Result: NOTE
Note: found 6 marked UTF-8 strings
Flavors: r-devel-linux-x86_64-fedora-clang, r-devel-linux-x86_64-fedora-gcc