Last updated on 2023-09-24 00:56:52 CEST.
Flavor | Version | Tinstall | Tcheck | Ttotal | Status | Flags |
---|---|---|---|---|---|---|
r-devel-linux-x86_64-debian-clang | 0.2.2 | 7.41 | 195.13 | 202.54 | OK | |
r-devel-linux-x86_64-debian-gcc | 0.2.2 | 6.97 | 145.05 | 152.02 | OK | |
r-devel-linux-x86_64-fedora-clang | 0.2.2 | 243.03 | OK | |||
r-devel-linux-x86_64-fedora-gcc | 0.2.2 | 250.15 | OK | |||
r-devel-windows-x86_64 | 0.2.2 | 10.00 | 175.00 | 185.00 | OK | |
r-patched-linux-x86_64 | 0.2.2 | 15.87 | 186.65 | 202.52 | OK | |
r-release-linux-x86_64 | 0.2.2 | 5.64 | 190.29 | 195.93 | OK | |
r-release-macos-arm64 | 0.2.2 | 84.00 | OK | |||
r-release-macos-x86_64 | 0.2.2 | 126.00 | NOTE | |||
r-release-windows-x86_64 | 0.2.2 | 10.00 | 220.00 | 230.00 | OK | |
r-oldrel-macos-arm64 | 0.2.2 | 62.00 | OK | |||
r-oldrel-macos-x86_64 | 0.2.2 | 92.00 | OK | |||
r-oldrel-windows-x86_64 | 0.2.2 | 12.00 | 222.00 | 234.00 | OK |
Version: 0.2.2
Check: package dependencies
Result: NOTE
Package suggested but not available for checking: ‘ivgets’
Flavor: r-release-macos-x86_64
Version: 0.2.2
Check: Rd cross-references
Result: NOTE
Package unavailable to check Rd xrefs: ‘ivgets’
Flavor: r-release-macos-x86_64