Last updated on 2023-03-27 00:50:36 CEST.
Flavor | Version | Tinstall | Tcheck | Ttotal | Status | Flags |
---|---|---|---|---|---|---|
r-devel-linux-x86_64-debian-clang | 0.1.3 | 70.92 | 88.84 | 159.76 | OK | |
r-devel-linux-x86_64-debian-gcc | 0.1.3 | 63.28 | 68.56 | 131.84 | OK | |
r-devel-linux-x86_64-fedora-clang | 0.1.3 | 246.82 | OK | |||
r-devel-linux-x86_64-fedora-gcc | 0.1.3 | 210.66 | OK | |||
r-patched-linux-x86_64 | 0.1.3 | 64.50 | 85.71 | 150.21 | OK | |
r-release-linux-x86_64 | 0.1.3 | 59.87 | 86.52 | 146.39 | OK | |
r-release-macos-arm64 | 0.1.3 | 55.00 | OK | |||
r-release-macos-x86_64 | 0.1.3 | 91.00 | OK | |||
r-release-windows-x86_64 | 0.1.3 | 81.00 | 139.00 | 220.00 | OK | |
r-oldrel-macos-arm64 | 0.1.3 | 63.00 | NOTE | |||
r-oldrel-macos-x86_64 | 0.1.3 | 93.00 | OK | |||
r-oldrel-windows-ix86+x86_64 | 0.1.3 | 185.00 | 159.00 | 344.00 | OK |
Version: 0.1.3
Check: installed package size
Result: NOTE
installed size is 5.1Mb
sub-directories of 1Mb or more:
libs 4.9Mb
Flavor: r-oldrel-macos-arm64