Last updated on 2023-11-28 00:57:01 CET.
Flavor | Version | Tinstall | Tcheck | Ttotal | Status | Flags |
---|---|---|---|---|---|---|
r-devel-linux-x86_64-debian-clang | 0.8.0 | 135.30 | 142.96 | 278.26 | NOTE | |
r-devel-linux-x86_64-debian-gcc | 0.8.0 | 98.66 | 106.11 | 204.77 | NOTE | |
r-devel-linux-x86_64-fedora-clang | 0.8.0 | 379.68 | OK | |||
r-devel-linux-x86_64-fedora-gcc | 0.8.0 | 373.62 | OK | |||
r-devel-windows-x86_64 | 0.8.0 | 104.00 | 151.00 | 255.00 | OK | |
r-patched-linux-x86_64 | 0.8.0 | 99.10 | 135.16 | 234.26 | OK | |
r-release-linux-x86_64 | 0.8.0 | 93.44 | 131.73 | 225.17 | OK | |
r-release-macos-arm64 | 0.8.0 | 87.00 | NOTE | |||
r-release-macos-x86_64 | 0.8.0 | 146.00 | NOTE | |||
r-release-windows-x86_64 | 0.8.0 | 138.00 | 175.00 | 313.00 | OK | |
r-oldrel-macos-arm64 | 0.8.0 | 184.00 | NOTE | |||
r-oldrel-macos-x86_64 | 0.8.0 | 185.00 | NOTE | |||
r-oldrel-windows-x86_64 | 0.8.0 | 131.00 | 172.00 | 303.00 | OK |
Version: 0.8.0
Check: Rd files
Result: NOTE
checkRd: (-1) coefPlot.Rd:64: Lost braces
64 | for the degrees of freedom. For code{"sparseLTS"} objects, possible values
| ^
checkRd: (-1) coefPlot.Rd:65: Lost braces
65 | are code{"lambda"} for the value of the penalty parameter (the default), or
| ^
Flavors: r-devel-linux-x86_64-debian-clang, r-devel-linux-x86_64-debian-gcc
Version: 0.8.0
Check: installed package size
Result: NOTE
installed size is 6.9Mb
sub-directories of 1Mb or more:
data 1.5Mb
libs 4.9Mb
Flavors: r-release-macos-arm64, r-release-macos-x86_64, r-oldrel-macos-arm64, r-oldrel-macos-x86_64