Last updated on 2023-03-22 00:52:31 CET.
Flavor | Version | Tinstall | Tcheck | Ttotal | Status | Flags |
---|---|---|---|---|---|---|
r-devel-linux-x86_64-debian-clang | 3.1-2 | 66.57 | 369.39 | 435.96 | NOTE | |
r-devel-linux-x86_64-debian-gcc | 3.1-2 | 64.09 | 280.96 | 345.05 | NOTE | |
r-devel-linux-x86_64-fedora-clang | 3.1-2 | 587.87 | NOTE | |||
r-devel-linux-x86_64-fedora-gcc | 3.1-2 | 561.08 | NOTE | |||
r-patched-linux-x86_64 | 3.1-2 | 58.76 | 353.16 | 411.92 | OK | |
r-release-linux-x86_64 | 3.1-2 | 57.06 | 354.92 | 411.98 | OK | |
r-release-macos-arm64 | 3.1-2 | 146.00 | NOTE | |||
r-release-macos-x86_64 | 3.1-2 | 222.00 | NOTE | |||
r-release-windows-x86_64 | 3.1-2 | 186.00 | 467.00 | 653.00 | NOTE | |
r-oldrel-macos-arm64 | 3.1-2 | 154.00 | NOTE | |||
r-oldrel-macos-x86_64 | 3.1-2 | 224.00 | NOTE | |||
r-oldrel-windows-ix86+x86_64 | 3.1-2 | 165.00 | 588.00 | 753.00 | NOTE |
Version: 3.1-2
Check: C++ specification
Result: NOTE
Specified C++11: please drop specification unless essential
Flavors: r-devel-linux-x86_64-debian-clang, r-devel-linux-x86_64-debian-gcc, r-devel-linux-x86_64-fedora-clang, r-devel-linux-x86_64-fedora-gcc
Version: 3.1-2
Check: installed package size
Result: NOTE
installed size is 8.8Mb
sub-directories of 1Mb or more:
doc 1.7Mb
libs 4.8Mb
simulationStudy 1.5Mb
Flavors: r-release-macos-arm64, r-release-macos-x86_64, r-release-windows-x86_64, r-oldrel-macos-arm64, r-oldrel-macos-x86_64, r-oldrel-windows-ix86+x86_64