CRAN Package Check Results for Package robustlmm

Last updated on 2024-02-24 00:51:26 CET.

Flavor Version Tinstall Tcheck Ttotal Status Flags
r-devel-linux-x86_64-debian-clang 3.3-1 74.23 370.43 444.66 OK
r-devel-linux-x86_64-debian-gcc 3.3-1 63.43 282.27 345.70 OK
r-devel-linux-x86_64-fedora-clang 3.3-1 596.66 OK
r-devel-linux-x86_64-fedora-gcc 3.3-1 607.22 OK
r-devel-windows-x86_64 3.3-1 62.00 331.00 393.00 NOTE
r-patched-linux-x86_64 3.3-1 86.54 364.69 451.23 OK
r-release-linux-x86_64 3.3-1 61.93 364.00 425.93 OK
r-release-macos-arm64 3.3-1 173.00 NOTE
r-release-macos-x86_64 3.3-1 321.00 NOTE
r-release-windows-x86_64 3.3-1 81.00 407.00 488.00 NOTE
r-oldrel-macos-arm64 3.3-1 194.00 NOTE
r-oldrel-windows-x86_64 3.3-1 76.00 402.00 478.00 NOTE

Check Details

Version: 3.3-1
Check: installed package size
Result: NOTE installed size is 5.4Mb sub-directories of 1Mb or more: doc 1.7Mb libs 1.3Mb simulationStudy 1.6Mb Flavors: r-devel-windows-x86_64, r-release-macos-arm64, r-release-macos-x86_64, r-release-windows-x86_64, r-oldrel-macos-arm64, r-oldrel-windows-x86_64