CRAN Package Check Results for Package roll

Last updated on 2024-06-19 00:49:39 CEST.

Flavor Version Tinstall Tcheck Ttotal Status Flags
r-devel-linux-x86_64-debian-clang 1.1.7 60.89 33.37 94.26 NOTE
r-devel-linux-x86_64-debian-gcc 1.1.7 54.16 25.57 79.73 ERROR
r-devel-linux-x86_64-fedora-clang 1.1.7 131.14 NOTE
r-devel-linux-x86_64-fedora-gcc 1.1.7 157.82 NOTE
r-devel-windows-x86_64 1.1.7 57.00 73.00 130.00 NOTE
r-patched-linux-x86_64 1.1.7 68.55 32.77 101.32 NOTE
r-release-linux-x86_64 1.1.7 60.14 33.23 93.37 NOTE
r-release-macos-arm64 1.1.7 37.00 NOTE
r-release-macos-x86_64 1.1.7 51.00 NOTE
r-release-windows-x86_64 1.1.7 56.00 78.00 134.00 NOTE
r-oldrel-macos-arm64 1.1.7 40.00 NOTE
r-oldrel-macos-x86_64 1.1.7 88.00 NOTE
r-oldrel-windows-x86_64 1.1.7 66.00 86.00 152.00 NOTE

Check Details

Version: 1.1.7
Check: for GNU extensions in Makefiles
Result: NOTE GNU make is a SystemRequirements. Flavors: r-devel-linux-x86_64-debian-clang, r-devel-linux-x86_64-debian-gcc, r-devel-linux-x86_64-fedora-clang, r-devel-linux-x86_64-fedora-gcc, r-devel-windows-x86_64, r-patched-linux-x86_64, r-release-linux-x86_64, r-release-macos-arm64, r-release-macos-x86_64, r-release-windows-x86_64, r-oldrel-macos-arm64, r-oldrel-macos-x86_64, r-oldrel-windows-x86_64

Version: 1.1.7
Check: examples
Result: ERROR Running examples in ‘roll-Ex.R’ failed The error most likely occurred in: > base::assign(".ptime", proc.time(), pos = "CheckExEnv") > ### Name: roll_var > ### Title: Rolling Variances > ### Aliases: roll_var > > ### ** Examples > > n <- 15 > x <- rnorm(n) > weights <- 0.9 ^ (n:1) > > # rolling variances with complete windows > roll_var(x, width = 5) [1] NA NA NA NA 0.9235968 1.0044358 1.0370458 [8] 0.7558815 0.3881143 0.4473392 0.4208632 0.4283379 0.6918011 1.8785460 [15] 2.2466246 > > # rolling variances with partial windows > roll_var(x, width = 5, min_obs = 1) [1] NA 0.3281287 0.2898211 1.2147560 0.9235968 1.0044358 1.0370458 [8] 0.7558815 0.3881143 0.4473392 0.4208632 0.4283379 0.6918011 1.8785460 [15] 2.2466246 > > # expanding variances with partial windows > roll_var(x, width = n, min_obs = 1) [1] NA 0.3281287 0.2898211 1.2147560 0.9235968 0.8892112 0.7791121 [8] 0.7279396 0.6588835 0.6093144 0.7214045 0.6572792 0.6634200 1.0289357 [15] 1.0357023 > > # expanding variances with partial windows and weights > roll_var(x, width = n, min_obs = 1, weights = weights) [1] NA 0.3281287 0.2970226 1.3256613 0.9471946 0.9262459 0.7753199 [8] 0.6994715 0.5992827 0.5474489 0.7126697 0.6088891 0.6489111 1.3017917 [15] 1.3071607 > > > > base::assign(".dptime", (proc.time() - get(".ptime", pos = "CheckExEnv")), pos = "CheckExEnv") > base::cat("roll_var", base::get(".format_ptime", pos = 'CheckExEnv')(get(".dptime", pos = "CheckExEnv")), "\n", file=base::get(".ExTimings", pos = 'CheckExEnv'), append=TRUE, sep="\t") > ### * <FOOTER> > ### > cleanEx() > options(digits = 7L) > base::cat("Time elapsed: ", proc.time() - base::get("ptime", pos = 'CheckExEnv'),"\n") Time elapsed: 0.312 0.023 0.342 0 0 > grDevices::dev.off() null device 1 > ### > ### Local variables: *** > ### mode: outline-minor *** > ### outline-regexp: "\\(> \\)?### [*]+" *** > ### End: *** > quit('no') *** caught segfault *** address 0xfffffffffffffff7, cause 'memory not mapped' An irrecoverable exception occurred. R is aborting now ... Segmentation fault Flavor: r-devel-linux-x86_64-debian-gcc

Version: 1.1.7
Check: installed package size
Result: NOTE installed size is 6.1Mb sub-directories of 1Mb or more: libs 5.5Mb Flavors: r-release-macos-arm64, r-release-macos-x86_64, r-oldrel-macos-arm64, r-oldrel-macos-x86_64