CRAN Package Check Results for Package rolog

Last updated on 2024-06-14 00:53:56 CEST.

Flavor Version Tinstall Tcheck Ttotal Status Flags
r-devel-linux-x86_64-debian-clang 0.9.17 32.18 69.06 101.24 NOTE
r-devel-linux-x86_64-debian-gcc 0.9.17 21.88 29.95 51.83 ERROR
r-devel-linux-x86_64-fedora-clang 0.9.17 133.45 NOTE
r-devel-linux-x86_64-fedora-gcc 0.9.17 140.59 NOTE
r-devel-windows-x86_64 0.9.17 26.00 88.00 114.00 NOTE
r-patched-linux-x86_64 0.9.17 29.70 63.75 93.45 NOTE
r-release-linux-x86_64 0.9.17 26.18 64.73 90.91 NOTE
r-release-macos-arm64 0.9.17 60.00 NOTE
r-release-macos-x86_64 0.9.17 75.00 NOTE
r-release-windows-x86_64 0.9.17 28.00 95.00 123.00 NOTE
r-oldrel-macos-arm64 0.9.17 52.00 NOTE
r-oldrel-macos-x86_64 0.9.17 109.00 NOTE
r-oldrel-windows-x86_64 0.9.17 33.00 102.00 135.00 NOTE

Check Details

Version: 0.9.17
Check: for GNU extensions in Makefiles
Result: NOTE GNU make is a SystemRequirements. Flavors: r-devel-linux-x86_64-debian-clang, r-devel-linux-x86_64-debian-gcc, r-devel-linux-x86_64-fedora-clang, r-devel-linux-x86_64-fedora-gcc, r-devel-windows-x86_64, r-patched-linux-x86_64, r-release-linux-x86_64, r-release-macos-arm64, r-release-macos-x86_64, r-release-windows-x86_64, r-oldrel-macos-arm64, r-oldrel-macos-x86_64, r-oldrel-windows-x86_64

Version: 0.9.17
Check: package dependencies
Result: NOTE Packages suggested but not available for checking: 'DiagrammeR', 'testthat' Flavor: r-devel-linux-x86_64-debian-gcc

Version: 0.9.17
Check: tests
Result: ERROR Running ‘testthat.R’ [0s/1s] Running the tests in ‘tests/testthat.R’ failed. Complete output: > library(testthat) Error in library(testthat) : there is no package called 'testthat' Execution halted Flavor: r-devel-linux-x86_64-debian-gcc

Version: 0.9.17
Check: re-building of vignette outputs
Result: ERROR Error(s) in re-building vignettes: ... --- re-building ‘rolog.Rmd’ using rmarkdown Quitting from lines 17-21 [unnamed-chunk-1] (rolog.Rmd) Error: processing vignette 'rolog.Rmd' failed with diagnostics: there is no package called 'DiagrammeR' --- failed re-building ‘rolog.Rmd’ SUMMARY: processing the following file failed: ‘rolog.Rmd’ Error: Vignette re-building failed. Execution halted Flavor: r-devel-linux-x86_64-debian-gcc