CRAN Package Check Results for Package romic

Last updated on 2021-10-24 00:51:10 CEST.

Flavor Version Tinstall Tcheck Ttotal Status Flags
r-devel-linux-x86_64-debian-clang 1.0.0 10.26 88.66 98.92 OK
r-devel-linux-x86_64-debian-gcc 1.0.0 7.90 65.65 73.55 OK
r-devel-linux-x86_64-fedora-clang 1.0.0 132.21 OK
r-devel-linux-x86_64-fedora-gcc 1.0.0 114.68 OK
r-devel-windows-x86_64 1.0.0 17.00 128.00 145.00 ERROR
r-devel-windows-x86_64-gcc10-UCRT 1.0.0 ERROR
r-patched-linux-x86_64 1.0.0 8.31 82.32 90.63 OK
r-patched-solaris-x86 1.0.0 148.20 OK
r-release-linux-x86_64 1.0.0 8.36 82.71 91.07 OK
r-release-macos-arm64 1.0.0 OK
r-release-macos-x86_64 1.0.0 OK
r-release-windows-ix86+x86_64 1.0.0 18.00 108.00 126.00 ERROR
r-oldrel-macos-x86_64 1.0.0 OK
r-oldrel-windows-ix86+x86_64 1.0.0 22.00 121.00 143.00 ERROR

Check Details

Version: 1.0.0
Check: tests
Result: ERROR
     Running 'testthat.R' [7s]
    Running the tests in 'tests/testthat.R' failed.
    Complete output:
     > library(testthat)
     > library(romic)
     >
     > test_check("romic")
     40 features dropped due to missing values
     40 features dropped due to missing values
     2 samples dropped due to missing values
     39 features dropped due to missing values
     == Failed tests ================================================================
     -- Error (test-import_export.R:15:5): Read and Write Triple Omics --------------
     Error in `eval(code, test_env)`: !file.exists(features_path) is not TRUE
     Backtrace:
     x
     1. \-base::stopifnot(!file.exists(features_path)) test-import_export.R:15:4
     -- Error (test-import_export.R:59:5): Read and Write Tidy Omics ----------------
     Error in `eval(code, test_env)`: !file.exists(tidy_path) is not TRUE
     Backtrace:
     x
     1. \-base::stopifnot(!file.exists(tidy_path)) test-import_export.R:59:4
     -- Error (test-import_export.R:92:5): Read and Write Wide Data -----------------
     Error in `eval(code, test_env)`: !file.exists(wide_path) is not TRUE
     Backtrace:
     x
     1. \-base::stopifnot(!file.exists(wide_path)) test-import_export.R:92:4
    
     [ FAIL 3 | WARN 0 | SKIP 0 | PASS 12 ]
     Error: Test failures
     Execution halted
Flavor: r-devel-windows-x86_64

Version: 1.0.0
Check: tests
Result: ERROR
     Running 'testthat.R'
    Running the tests in 'tests/testthat.R' failed.
    Complete output:
     > library(testthat)
     > library(romic)
     >
     > test_check("romic")
     40 features dropped due to missing values
     40 features dropped due to missing values
     2 samples dropped due to missing values
     39 features dropped due to missing values
     ══ Failed tests ════════════════════════════════════════════════════════════════
     ── Error (test-import_export.R:15:5): Read and Write Triple Omics ──────────────
     Error in `eval(code, test_env)`: !file.exists(features_path) is not TRUE
     Backtrace:
     █
     1. └─base::stopifnot(!file.exists(features_path)) test-import_export.R:15:4
     ── Error (test-import_export.R:59:5): Read and Write Tidy Omics ────────────────
     Error in `eval(code, test_env)`: !file.exists(tidy_path) is not TRUE
     Backtrace:
     █
     1. └─base::stopifnot(!file.exists(tidy_path)) test-import_export.R:59:4
     ── Error (test-import_export.R:92:5): Read and Write Wide Data ─────────────────
     Error in `eval(code, test_env)`: !file.exists(wide_path) is not TRUE
     Backtrace:
     █
     1. └─base::stopifnot(!file.exists(wide_path)) test-import_export.R:92:4
    
     [ FAIL 3 | WARN 0 | SKIP 0 | PASS 12 ]
     Error: Test failures
     Execution halted
Flavor: r-devel-windows-x86_64-gcc10-UCRT

Version: 1.0.0
Check: tests
Result: ERROR
     Running 'testthat.R' [10s]
    Running the tests in 'tests/testthat.R' failed.
    Complete output:
     > library(testthat)
     > library(romic)
     >
     > test_check("romic")
     40 features dropped due to missing values
     40 features dropped due to missing values
     2 samples dropped due to missing values
     39 features dropped due to missing values
     == Failed tests ================================================================
     -- Error (test-import_export.R:15:5): Read and Write Triple Omics --------------
     Error in `eval(code, test_env)`: !file.exists(features_path) is not TRUE
     Backtrace:
     x
     1. \-base::stopifnot(!file.exists(features_path)) test-import_export.R:15:4
     -- Error (test-import_export.R:59:5): Read and Write Tidy Omics ----------------
     Error in `eval(code, test_env)`: !file.exists(tidy_path) is not TRUE
     Backtrace:
     x
     1. \-base::stopifnot(!file.exists(tidy_path)) test-import_export.R:59:4
     -- Error (test-import_export.R:92:5): Read and Write Wide Data -----------------
     Error in `eval(code, test_env)`: !file.exists(wide_path) is not TRUE
     Backtrace:
     x
     1. \-base::stopifnot(!file.exists(wide_path)) test-import_export.R:92:4
    
     [ FAIL 3 | WARN 0 | SKIP 0 | PASS 12 ]
     Error: Test failures
     Execution halted
Flavor: r-release-windows-ix86+x86_64

Version: 1.0.0
Check: tests
Result: ERROR
     Running 'testthat.R' [8s]
    Running the tests in 'tests/testthat.R' failed.
    Complete output:
     > library(testthat)
     > library(romic)
     >
     > test_check("romic")
     40 features dropped due to missing values
     40 features dropped due to missing values
     2 samples dropped due to missing values
     39 features dropped due to missing values
     == Failed tests ================================================================
     -- Error (test-import_export.R:15:5): Read and Write Triple Omics --------------
     Error in `eval(code, test_env)`: !file.exists(features_path) is not TRUE
     Backtrace:
     x
     1. \-base::stopifnot(!file.exists(features_path)) test-import_export.R:15:4
     -- Error (test-import_export.R:59:5): Read and Write Tidy Omics ----------------
     Error in `eval(code, test_env)`: !file.exists(tidy_path) is not TRUE
     Backtrace:
     x
     1. \-base::stopifnot(!file.exists(tidy_path)) test-import_export.R:59:4
     -- Error (test-import_export.R:92:5): Read and Write Wide Data -----------------
     Error in `eval(code, test_env)`: !file.exists(wide_path) is not TRUE
     Backtrace:
     x
     1. \-base::stopifnot(!file.exists(wide_path)) test-import_export.R:92:4
    
     [ FAIL 3 | WARN 0 | SKIP 0 | PASS 12 ]
     Error: Test failures
     Execution halted
Flavor: r-oldrel-windows-ix86+x86_64