CRAN Package Check Results for Package roptim

Last updated on 2024-06-21 00:57:22 CEST.

Flavor Version Tinstall Tcheck Ttotal Status Flags
r-devel-linux-x86_64-debian-clang 0.1.6 39.25 34.60 73.85 NOTE
r-devel-linux-x86_64-debian-gcc 0.1.6 25.96 26.35 52.31 NOTE
r-devel-linux-x86_64-fedora-clang 0.1.6 102.88 NOTE
r-devel-linux-x86_64-fedora-gcc 0.1.6 113.82 NOTE
r-devel-windows-x86_64 0.1.6 31.00 68.00 99.00 NOTE
r-patched-linux-x86_64 0.1.6 33.91 32.28 66.19 NOTE
r-release-linux-x86_64 0.1.6 32.20 33.22 65.42 NOTE
r-release-macos-arm64 0.1.6 32.00 NOTE
r-release-macos-x86_64 0.1.6 50.00 NOTE
r-release-windows-x86_64 0.1.6 33.00 71.00 104.00 NOTE
r-oldrel-macos-arm64 0.1.6 35.00 NOTE
r-oldrel-macos-x86_64 0.1.6 57.00 NOTE
r-oldrel-windows-x86_64 0.1.6 36.00 76.00 112.00 NOTE

Check Details

Version: 0.1.6
Check: C++ specification
Result: NOTE Specified C++11: please drop specification unless essential Flavors: r-devel-linux-x86_64-debian-clang, r-devel-linux-x86_64-debian-gcc, r-devel-linux-x86_64-fedora-clang, r-devel-linux-x86_64-fedora-gcc, r-devel-windows-x86_64, r-patched-linux-x86_64, r-release-linux-x86_64, r-release-macos-arm64, r-release-macos-x86_64, r-release-windows-x86_64, r-oldrel-macos-arm64, r-oldrel-macos-x86_64, r-oldrel-windows-x86_64