CRAN Package Check Results for Package roxut

Last updated on 2024-06-14 00:53:57 CEST.

Flavor Version Tinstall Tcheck Ttotal Status Flags
r-devel-linux-x86_64-debian-clang 0.4.0 3.33 58.36 61.69 OK
r-devel-linux-x86_64-debian-gcc 0.4.0 0.36 1.72 2.08 ERROR
r-devel-linux-x86_64-fedora-clang 0.4.0 78.19 OK
r-devel-linux-x86_64-fedora-gcc 0.4.0 73.75 OK
r-devel-windows-x86_64 0.4.0 5.00 69.00 74.00 OK
r-patched-linux-x86_64 0.4.0 3.38 56.04 59.42 OK
r-release-linux-x86_64 0.4.0 2.97 54.80 57.77 OK
r-release-macos-arm64 0.4.0 28.00 OK
r-release-macos-x86_64 0.4.0 41.00 OK
r-release-windows-x86_64 0.4.0 5.00 71.00 76.00 OK
r-oldrel-macos-arm64 0.4.0 32.00 OK
r-oldrel-macos-x86_64 0.4.0 47.00 OK
r-oldrel-windows-x86_64 0.4.0 6.00 80.00 86.00 OK

Check Details

Version: 0.4.0
Check: package dependencies
Result: ERROR Package required but not available: ‘roxygen2’ Package suggested but not available for checking: ‘testthat’ See section ‘The DESCRIPTION file’ in the ‘Writing R Extensions’ manual. Flavor: r-devel-linux-x86_64-debian-gcc