Last updated on 2023-03-26 00:51:54 CET.
Flavor | Version | Tinstall | Tcheck | Ttotal | Status | Flags |
---|---|---|---|---|---|---|
r-devel-linux-x86_64-debian-clang | 7.2.3 | 19.81 | 161.88 | 181.69 | NOTE | |
r-devel-linux-x86_64-debian-gcc | 7.2.3 | 19.14 | 121.68 | 140.82 | NOTE | |
r-devel-linux-x86_64-fedora-clang | 7.2.3 | 232.52 | NOTE | |||
r-devel-linux-x86_64-fedora-gcc | 7.2.3 | 228.17 | NOTE | |||
r-patched-linux-x86_64 | 7.2.3 | 21.07 | 154.10 | 175.17 | OK | |
r-release-linux-x86_64 | 7.2.3 | 16.36 | 154.67 | 171.03 | OK | |
r-release-macos-arm64 | 7.2.3 | 63.00 | OK | |||
r-release-macos-x86_64 | 7.2.3 | 71.00 | OK | |||
r-release-windows-x86_64 | 7.2.3 | 183.00 | 251.00 | 434.00 | OK | |
r-oldrel-macos-arm64 | 7.2.3 | 54.00 | OK | |||
r-oldrel-macos-x86_64 | 7.2.3 | 79.00 | OK | |||
r-oldrel-windows-ix86+x86_64 | 7.2.3 | 54.00 | 295.00 | 349.00 | OK |
Version: 7.2.3
Check: C++ specification
Result: NOTE
Specified C++11: please drop specification unless essential
Flavors: r-devel-linux-x86_64-debian-clang, r-devel-linux-x86_64-debian-gcc, r-devel-linux-x86_64-fedora-clang, r-devel-linux-x86_64-fedora-gcc