Last updated on 2023-09-25 00:00:00 CEST.
Flavor | Version | Tinstall | Tcheck | Ttotal | Status | Flags |
---|---|---|---|---|---|---|
r-devel-linux-x86_64-debian-clang | 0.5.1 | 82.90 | 56.97 | 139.87 | OK | |
r-devel-linux-x86_64-debian-gcc | 0.5.1 | 67.73 | 44.16 | 111.89 | OK | |
r-devel-linux-x86_64-fedora-clang | 0.5.1 | 202.21 | OK | |||
r-devel-linux-x86_64-fedora-gcc | 0.5.1 | 214.33 | OK | |||
r-devel-windows-x86_64 | 0.5.1 | 68.00 | 92.00 | 160.00 | NOTE | |
r-patched-linux-x86_64 | 0.5.1 | 83.96 | 55.88 | 139.84 | OK | |
r-release-linux-x86_64 | 0.5.1 | 90.55 | 55.89 | 146.44 | OK | |
r-release-macos-arm64 | 0.5.1 | 55.00 | NOTE | |||
r-release-macos-x86_64 | 0.5.1 | 96.00 | NOTE | |||
r-release-windows-x86_64 | 0.5.1 | 90.00 | 105.00 | 195.00 | NOTE | |
r-oldrel-macos-arm64 | 0.5.1 | 54.00 | NOTE | |||
r-oldrel-macos-x86_64 | 0.5.1 | 67.00 | NOTE | |||
r-oldrel-windows-x86_64 | 0.5.1 | 85.00 | 97.00 | 182.00 | NOTE |
Version: 0.5.1
Check: installed package size
Result: NOTE
installed size is 5.3Mb
sub-directories of 1Mb or more:
data 2.3Mb
libs 1.3Mb
Flavors: r-devel-windows-x86_64, r-release-macos-arm64, r-release-macos-x86_64, r-release-windows-x86_64, r-oldrel-macos-arm64, r-oldrel-macos-x86_64, r-oldrel-windows-x86_64