CRAN Package Check Results for Package rpql

Last updated on 2025-01-21 00:48:38 CET.

Flavor Version Tinstall Tcheck Ttotal Status Flags
r-devel-linux-x86_64-debian-clang 0.8.1 27.54 69.42 96.96 NOTE
r-devel-linux-x86_64-debian-gcc 0.8.1 18.99 49.69 68.68 NOTE
r-devel-linux-x86_64-fedora-clang 0.8.1 163.76 NOTE
r-devel-linux-x86_64-fedora-gcc 0.8.1 153.00 NOTE
r-devel-windows-x86_64 0.8.1 28.00 94.00 122.00 NOTE
r-patched-linux-x86_64 0.8.1 25.96 64.25 90.21 NOTE
r-release-linux-x86_64 0.8.1 25.94 64.38 90.32 NOTE
r-release-macos-arm64 0.8.1 44.00 NOTE
r-release-macos-x86_64 0.8.1 64.00 NOTE
r-release-windows-x86_64 0.8.1 28.00 97.00 125.00 NOTE
r-oldrel-macos-arm64 0.8.1 53.00 OK
r-oldrel-macos-x86_64 0.8.1 112.00 OK
r-oldrel-windows-x86_64 0.8.1 33.00 121.00 154.00 OK

Check Details

Version: 0.8.1
Check: Rd files
Result: NOTE checkRd: (-1) rpql.Rd:64: Lost braces in \itemize; meant \describe ? checkRd: (-1) rpql.Rd:66: Lost braces in \itemize; meant \describe ? checkRd: (-1) rpql.Rd:68: Lost braces in \itemize; meant \describe ? checkRd: (-1) rpql.Rd:70: Lost braces in \itemize; meant \describe ? checkRd: (-1) rpql.Rd:72: Lost braces in \itemize; meant \describe ? checkRd: (-1) rpql.Rd:74: Lost braces in \itemize; meant \describe ? Flavors: r-devel-linux-x86_64-debian-clang, r-devel-linux-x86_64-debian-gcc, r-devel-linux-x86_64-fedora-clang, r-devel-linux-x86_64-fedora-gcc, r-devel-windows-x86_64, r-patched-linux-x86_64, r-release-linux-x86_64, r-release-macos-arm64, r-release-macos-x86_64, r-release-windows-x86_64

Version: 0.8.1
Check: Rd cross-references
Result: NOTE Found the following Rd file(s) with Rd \link{} targets missing package anchors: nb2.Rd: negative.binomial Please provide package anchors for all Rd \link{} targets not in the package itself and the base packages. Flavors: r-devel-linux-x86_64-debian-clang, r-devel-linux-x86_64-debian-gcc, r-devel-windows-x86_64