CRAN Package Check Results for Package rpredictit

Last updated on 2021-10-23 00:49:07 CEST.

Flavor Version Tinstall Tcheck Ttotal Status Flags
r-devel-linux-x86_64-debian-clang 0.0.2 2.77 53.94 56.71 NOTE
r-devel-linux-x86_64-debian-gcc 0.0.2 2.58 41.43 44.01 NOTE
r-devel-linux-x86_64-fedora-clang 0.0.2 79.14 NOTE
r-devel-linux-x86_64-fedora-gcc 0.0.2 68.16 NOTE
r-devel-windows-x86_64 0.0.2 6.00 68.00 74.00 NOTE
r-devel-windows-x86_64-gcc10-UCRT 0.0.2 NOTE
r-patched-linux-x86_64 0.0.2 8.02 51.88 59.90 NOTE
r-patched-solaris-x86 0.0.2 84.50 NOTE
r-release-linux-x86_64 0.0.2 3.40 51.84 55.24 NOTE
r-release-macos-arm64 0.0.2 NOTE
r-release-macos-x86_64 0.0.2 WARN
r-release-windows-ix86+x86_64 0.0.2 6.00 88.00 94.00 NOTE
r-oldrel-macos-x86_64 0.0.2 WARN
r-oldrel-windows-ix86+x86_64 0.0.2 9.00 88.00 97.00 OK

Check Details

Version: 0.0.2
Check: LazyData
Result: NOTE
     'LazyData' is specified without a 'data' directory
Flavors: r-devel-linux-x86_64-debian-clang, r-devel-linux-x86_64-debian-gcc, r-devel-linux-x86_64-fedora-clang, r-devel-linux-x86_64-fedora-gcc, r-devel-windows-x86_64, r-devel-windows-x86_64-gcc10-UCRT, r-patched-linux-x86_64, r-patched-solaris-x86, r-release-linux-x86_64, r-release-macos-arm64, r-release-macos-x86_64, r-release-windows-ix86+x86_64

Version: 0.0.2
Check: Rd cross-references
Result: NOTE
    Undeclared package ‘htmlwidgets’ in Rd xrefs
Flavor: r-devel-linux-x86_64-fedora-clang

Version: 0.0.2
Check: re-building of vignette outputs
Result: WARN
    Error(s) in re-building vignettes:
     ...
    --- re-building ‘rpredictit-vignette.Rmd’ using rmarkdown
    Warning in engine$weave(file, quiet = quiet, encoding = enc) :
     Pandoc (>= 1.12.3) not available. Falling back to R Markdown v1.
    Quitting from lines 54-56 (rpredictit-vignette.Rmd)
    Error: processing vignette 'rpredictit-vignette.Rmd' failed with diagnostics:
    invalid 'path' argument
    --- failed re-building ‘rpredictit-vignette.Rmd’
    
    SUMMARY: processing the following file failed:
     ‘rpredictit-vignette.Rmd’
    
    Error: Vignette re-building failed.
    Execution halted
Flavor: r-release-macos-x86_64

Version: 0.0.2
Check: re-building of vignette outputs
Result: WARN
    Error(s) in re-building vignettes:
     ...
    --- re-building ‘rpredictit-vignette.Rmd’ using rmarkdown
    Warning in engine$weave(file, quiet = quiet, encoding = enc) :
     Pandoc (>= 1.12.3) and/or pandoc-citeproc not available. Falling back to R Markdown v1.
    Quitting from lines 54-56 (rpredictit-vignette.Rmd)
    Error: processing vignette 'rpredictit-vignette.Rmd' failed with diagnostics:
    cannot open the connection
    --- failed re-building ‘rpredictit-vignette.Rmd’
    
    SUMMARY: processing the following file failed:
     ‘rpredictit-vignette.Rmd’
    
    Error: Vignette re-building failed.
    Execution halted
Flavor: r-oldrel-macos-x86_64