CRAN Package Check Results for Package rprojroot

Last updated on 2021-10-18 00:48:26 CEST.

Flavor Version Tinstall Tcheck Ttotal Status Flags
r-devel-linux-x86_64-debian-clang 2.0.2 2.23 27.57 29.80 NOTE
r-devel-linux-x86_64-debian-gcc 2.0.2 1.95 21.63 23.58 NOTE
r-devel-linux-x86_64-fedora-clang 2.0.2 46.56 NOTE
r-devel-linux-x86_64-fedora-gcc 2.0.2 36.01 NOTE
r-devel-windows-x86_64 2.0.2 5.00 41.00 46.00 NOTE
r-devel-windows-x86_64-gcc10-UCRT 2.0.2 NOTE
r-patched-linux-x86_64 2.0.2 2.72 26.38 29.10 NOTE
r-patched-solaris-x86 2.0.2 53.80 NOTE
r-release-linux-x86_64 2.0.2 2.34 26.37 28.71 NOTE
r-release-macos-arm64 2.0.2 NOTE
r-release-macos-x86_64 2.0.2 NOTE
r-release-windows-ix86+x86_64 2.0.2 6.00 46.00 52.00 NOTE
r-oldrel-macos-x86_64 2.0.2 OK
r-oldrel-windows-ix86+x86_64 2.0.2 34.00 46.00 80.00 OK

Check Details

Version: 2.0.2
Check: LazyData
Result: NOTE
     'LazyData' is specified without a 'data' directory
Flavors: r-devel-linux-x86_64-debian-clang, r-devel-linux-x86_64-debian-gcc, r-devel-linux-x86_64-fedora-clang, r-devel-linux-x86_64-fedora-gcc, r-devel-windows-x86_64, r-devel-windows-x86_64-gcc10-UCRT, r-patched-linux-x86_64, r-patched-solaris-x86, r-release-linux-x86_64, r-release-macos-arm64, r-release-macos-x86_64, r-release-windows-ix86+x86_64