CRAN Package Check Results for Package rptR

Last updated on 2023-03-22 00:52:31 CET.

Flavor Version Tinstall Tcheck Ttotal Status Flags
r-devel-linux-x86_64-debian-clang 0.9.22 4.63 172.62 177.25 OK
r-devel-linux-x86_64-debian-gcc 0.9.22 3.53 129.91 133.44 OK
r-devel-linux-x86_64-fedora-clang 0.9.22 217.72 NOTE
r-devel-linux-x86_64-fedora-gcc 0.9.22 224.02 NOTE
r-patched-linux-x86_64 0.9.22 10.41 171.49 181.90 OK
r-release-linux-x86_64 0.9.22 3.16 173.53 176.69 OK
r-release-macos-arm64 0.9.22 61.00 NOTE
r-release-macos-x86_64 0.9.22 96.00 NOTE
r-release-windows-x86_64 0.9.22 15.00 220.00 235.00 OK
r-oldrel-macos-arm64 0.9.22 67.00 NOTE
r-oldrel-macos-x86_64 0.9.22 90.00 NOTE
r-oldrel-windows-ix86+x86_64 0.9.22 11.00 232.00 243.00 OK

Check Details

Version: 0.9.22
Check: dependencies in R code
Result: NOTE
    Namespace in Imports field not imported from: ‘methods’
     All declared Imports should be used.
Flavors: r-devel-linux-x86_64-fedora-clang, r-devel-linux-x86_64-fedora-gcc, r-release-macos-arm64, r-release-macos-x86_64, r-oldrel-macos-arm64, r-oldrel-macos-x86_64