CRAN Package Check Results for Package rr2

Last updated on 2021-10-24 00:51:10 CEST.

Flavor Version Tinstall Tcheck Ttotal Status Flags
r-devel-linux-x86_64-debian-clang 1.0.2 10.98 93.50 104.48 NOTE
r-devel-linux-x86_64-debian-gcc 1.0.2 7.59 70.84 78.43 NOTE
r-devel-linux-x86_64-fedora-clang 1.0.2 133.61 NOTE
r-devel-linux-x86_64-fedora-gcc 1.0.2 122.44 NOTE
r-devel-windows-x86_64 1.0.2 15.00 92.00 107.00 NOTE
r-devel-windows-x86_64-gcc10-UCRT 1.0.2 NOTE
r-patched-linux-x86_64 1.0.2 9.75 90.10 99.85 NOTE
r-patched-solaris-x86 1.0.2 187.20 NOTE
r-release-linux-x86_64 1.0.2 9.75 90.02 99.77 NOTE
r-release-macos-arm64 1.0.2 NOTE
r-release-macos-x86_64 1.0.2 NOTE
r-release-windows-ix86+x86_64 1.0.2 16.00 122.00 138.00 NOTE
r-oldrel-macos-x86_64 1.0.2 OK
r-oldrel-windows-ix86+x86_64 1.0.2 23.00 118.00 141.00 OK

Check Details

Version: 1.0.2
Check: LazyData
Result: NOTE
     'LazyData' is specified without a 'data' directory
Flavors: r-devel-linux-x86_64-debian-clang, r-devel-linux-x86_64-debian-gcc, r-devel-linux-x86_64-fedora-clang, r-devel-linux-x86_64-fedora-gcc, r-devel-windows-x86_64, r-devel-windows-x86_64-gcc10-UCRT, r-patched-linux-x86_64, r-patched-solaris-x86, r-release-linux-x86_64, r-release-macos-arm64, r-release-macos-x86_64, r-release-windows-ix86+x86_64