Last updated on 2023-11-29 00:50:32 CET.
Flavor | Version | Tinstall | Tcheck | Ttotal | Status | Flags |
---|---|---|---|---|---|---|
r-devel-linux-x86_64-debian-clang | 0.9.7.3.1 | 121.31 | 86.01 | 207.32 | NOTE | |
r-devel-linux-x86_64-debian-gcc | 0.9.7.3.1 | 75.71 | 63.79 | 139.50 | NOTE | |
r-devel-linux-x86_64-fedora-clang | 0.9.7.3.1 | 307.14 | OK | |||
r-devel-linux-x86_64-fedora-gcc | 0.9.7.3.1 | 297.69 | OK | |||
r-devel-windows-x86_64 | 0.9.7.3.1 | 92.00 | 110.00 | 202.00 | OK | |
r-patched-linux-x86_64 | 0.9.7.3.1 | 90.43 | 80.91 | 171.34 | OK | |
r-release-linux-x86_64 | 0.9.7.3.1 | 93.68 | 80.68 | 174.36 | OK | |
r-release-macos-arm64 | 0.9.7.3.1 | 81.00 | OK | |||
r-release-macos-x86_64 | 0.9.7.3.1 | 140.00 | OK | |||
r-release-windows-x86_64 | 0.9.7.3.1 | 118.00 | 130.00 | 248.00 | OK | |
r-oldrel-macos-arm64 | 0.9.7.3.1 | 70.00 | OK | |||
r-oldrel-macos-x86_64 | 0.9.7.3.1 | 133.00 | OK | |||
r-oldrel-windows-x86_64 | 0.9.7.3.1 | 109.00 | 125.00 | 234.00 | OK |
Version: 0.9.7.3.1
Check: Rd files
Result: NOTE
checkRd: (-1) rrecsys.Rd:72: Lost braces; missing escapes or markup?
72 | The average deviation rating $dev_{ij}$ between co-rated items is defined by:
| ^
checkRd: (-1) rrecsys.Rd:76: Lost braces; missing escapes or markup?
76 | Where $c_{ij}$ is the number of co-ratings between items $i$ and $j$ and $r_{ui}$ is an existing rating for user $u$ on item $i$. The Weighted Slope One takes into account both, information from users who rated the same item and the number of observed ratings.
| ^
checkRd: (-1) rrecsys.Rd:76: Lost braces; missing escapes or markup?
76 | Where $c_{ij}$ is the number of co-ratings between items $i$ and $j$ and $r_{ui}$ is an existing rating for user $u$ on item $i$. The Weighted Slope One takes into account both, information from users who rated the same item and the number of observed ratings.
| ^
Flavors: r-devel-linux-x86_64-debian-clang, r-devel-linux-x86_64-debian-gcc