CRAN Package Check Results for Package rsMove

Last updated on 2018-10-18 00:48:26 CEST.

Flavor Version Tinstall Tcheck Ttotal Status Flags
r-devel-linux-x86_64-debian-clang 0.2.5 14.79 244.45 259.24 OK
r-devel-linux-x86_64-debian-gcc 0.2.5 16.37 201.65 218.02 OK
r-devel-linux-x86_64-fedora-clang 0.2.5 321.03 NOTE
r-devel-linux-x86_64-fedora-gcc 0.2.5 314.32 NOTE
r-devel-windows-ix86+x86_64 0.2.5 47.00 225.00 272.00 OK
r-patched-linux-x86_64 0.2.5 13.34 202.06 215.40 OK
r-patched-solaris-x86 0.2.5 409.90 NOTE
r-release-linux-x86_64 0.2.5 16.18 210.77 226.95 OK
r-release-windows-ix86+x86_64 0.2.5 44.00 284.00 328.00 OK
r-release-osx-x86_64 0.2.5 NOTE
r-oldrel-windows-ix86+x86_64 0.2.5 39.00 209.00 248.00 ERROR
r-oldrel-osx-x86_64 0.2.5 ERROR

Check Details

Version: 0.2.5
Check: dependencies in R code
Result: NOTE
    Namespaces in Imports field not imported from:
     ‘gdalUtils’ ‘igraph’ ‘lattice’ ‘lubridate’ ‘randomForest’ ‘rgdal’
     ‘spatialEco’
     All declared Imports should be used.
Flavors: r-devel-linux-x86_64-fedora-clang, r-devel-linux-x86_64-fedora-gcc, r-patched-solaris-x86, r-release-osx-x86_64, r-oldrel-osx-x86_64

Version: 0.2.5
Check: R code for possible problems
Result: NOTE
    checkOverlap: no visible global function definition for 'isFALSE'
    Undefined global functions or variables:
     isFALSE
Flavors: r-oldrel-windows-ix86+x86_64, r-oldrel-osx-x86_64

Version: 0.2.5
Check: examples
Result: ERROR
    Running examples in 'rsMove-Ex.R' failed
    The error most likely occurred in:
    
    > ### Name: checkOverlap
    > ### Title: checkOverlap
    > ### Aliases: checkOverlap
    >
    > ### ** Examples
    >
    > {
    +
    + require(raster)
    +
    + # load example probability image
    + file <- system.file('extdata', 'probabilities.tif', package="rsMove")
    + img <- raster(file)
    +
    + # load area of interest
    + file <- system.file('extdata', 'roi.shp', package="rsMove")
    + roi <- shapefile(file)
    +
    + # extract samples
    + checkOverlap(img, roi)
    +
    + }
    Loading required package: raster
    Loading required package: sp
    Error in isFALSE(r1) : could not find function "isFALSE"
    Calls: checkOverlap
    Execution halted
Flavors: r-oldrel-windows-ix86+x86_64, r-oldrel-osx-x86_64