CRAN Package Check Results for Package rsMove

Last updated on 2018-01-22 00:47:19 CET.

Flavor Version Tinstall Tcheck Ttotal Status Flags
r-devel-linux-x86_64-debian-clang 0.2.3 9.40 203.50 212.90 OK
r-devel-linux-x86_64-debian-gcc 0.2.3 8.39 174.02 182.41 OK
r-devel-linux-x86_64-fedora-clang 0.2.3 294.76 NOTE
r-devel-linux-x86_64-fedora-gcc 0.2.3 283.38 NOTE
r-devel-windows-ix86+x86_64 0.2.3 21.00 204.00 225.00 OK
r-patched-linux-x86_64 0.2.1 13.25 187.55 200.80 OK
r-patched-solaris-x86 0.2.3 401.10 NOTE
r-release-linux-x86_64 0.2.3 12.26 233.26 245.52 OK
r-release-windows-ix86+x86_64 0.2.3 22.00 205.00 227.00 OK
r-release-osx-x86_64 0.2.3 NOTE
r-oldrel-windows-ix86+x86_64 0.2.1 36.00 176.00 212.00 OK
r-oldrel-osx-x86_64 0.2.1 OK

Check Details

Version: 0.2.3
Check: dependencies in R code
Result: NOTE
    Namespace in Imports field not imported from: ‘gdalUtils’
     All declared Imports should be used.
Flavors: r-devel-linux-x86_64-fedora-clang, r-devel-linux-x86_64-fedora-gcc, r-patched-solaris-x86, r-release-osx-x86_64