CRAN Package Check Results for Package rsMove

Last updated on 2018-04-23 00:47:04 CEST.

Flavor Version Tinstall Tcheck Ttotal Status Flags
r-devel-linux-x86_64-debian-clang 0.2.3 14.23 191.57 205.80 OK
r-devel-linux-x86_64-debian-gcc 0.2.3 11.05 174.09 185.14 OK
r-devel-linux-x86_64-fedora-clang 0.2.3 283.69 NOTE
r-devel-linux-x86_64-fedora-gcc 0.2.3 276.00 NOTE
r-devel-windows-ix86+x86_64 0.2.3 38.00 205.00 243.00 OK
r-devel-osx-x86_64 0.2.3 NOTE
r-patched-linux-x86_64 0.2.3 13.67 213.08 226.75 OK
r-patched-solaris-x86 0.2.3 445.70 NOTE
r-release-linux-x86_64 0.2.3 12.53 232.60 245.13 OK
r-release-windows-ix86+x86_64 0.2.3 27.00 257.00 284.00 OK
r-release-osx-x86_64 0.2.3 NOTE
r-oldrel-windows-ix86+x86_64 0.2.3 36.00 209.00 245.00 OK

Check Details

Version: 0.2.3
Check: dependencies in R code
Result: NOTE
    Namespace in Imports field not imported from: ‘gdalUtils’
     All declared Imports should be used.
Flavors: r-devel-linux-x86_64-fedora-clang, r-devel-linux-x86_64-fedora-gcc, r-devel-osx-x86_64, r-patched-solaris-x86, r-release-osx-x86_64

Version: 0.2.3
Check: package dependencies
Result: NOTE
    Package suggested but not available for checking: ‘imager’
Flavor: r-devel-osx-x86_64