CRAN Package Check Results for Package rsMove

Last updated on 2018-07-18 00:50:06 CEST.

Flavor Version Tinstall Tcheck Ttotal Status Flags
r-devel-linux-x86_64-debian-clang 0.2.4 15.38 276.85 292.23 OK
r-devel-linux-x86_64-debian-gcc 0.2.4 13.44 222.08 235.52 OK
r-devel-linux-x86_64-fedora-clang 0.2.4 344.16 NOTE
r-devel-linux-x86_64-fedora-gcc 0.2.4 344.78 NOTE
r-devel-windows-ix86+x86_64 0.2.4 43.00 353.00 396.00 OK
r-patched-linux-x86_64 0.2.4 12.73 239.65 252.38 OK
r-patched-solaris-x86 0.2.4 491.60 NOTE
r-release-linux-x86_64 0.2.4 11.21 240.25 251.46 OK
r-release-windows-ix86+x86_64 0.2.4 35.00 338.00 373.00 OK
r-release-osx-x86_64 0.2.4 NOTE
r-oldrel-windows-ix86+x86_64 0.2.4 25.00 328.00 353.00 OK
r-oldrel-osx-x86_64 0.2.4 NOTE

Check Details

Version: 0.2.4
Check: dependencies in R code
Result: NOTE
    Namespaces in Imports field not imported from:
     ‘gdalUtils’ ‘igraph’ ‘lattice’ ‘lubridate’ ‘randomForest’ ‘rgdal’
     ‘spatialEco’
     All declared Imports should be used.
Flavors: r-devel-linux-x86_64-fedora-clang, r-devel-linux-x86_64-fedora-gcc, r-patched-solaris-x86, r-release-osx-x86_64, r-oldrel-osx-x86_64