CRAN Package Check Results for Package rsgeo

Last updated on 2024-04-14 00:57:44 CEST.

Flavor Version Tinstall Tcheck Ttotal Status Flags
r-devel-linux-x86_64-debian-clang 0.1.6 252.14 37.11 289.25 OK
r-devel-linux-x86_64-debian-gcc 0.1.6 202.17 28.33 230.50 OK
r-devel-linux-x86_64-fedora-clang 0.1.6 407.32 NOTE
r-devel-linux-x86_64-fedora-gcc 0.1.6 405.01 OK
r-devel-windows-x86_64 0.1.6 135.00 83.00 218.00 OK
r-patched-linux-x86_64 0.1.6 255.31 34.67 289.98 OK
r-release-linux-x86_64 0.1.6 257.18 35.64 292.82 OK
r-release-macos-arm64 0.1.6 92.00 NOTE
r-release-macos-x86_64 0.1.6 109.00 NOTE
r-release-windows-x86_64 0.1.6 171.00 98.00 269.00 OK
r-oldrel-macos-arm64 0.1.6 85.00 NOTE
r-oldrel-windows-x86_64 0.1.6 162.00 92.00 254.00 WARN

Check Details

Version: 0.1.6
Check: installed package size
Result: NOTE installed size is 7.7Mb sub-directories of 1Mb or more: libs 6.9Mb Flavors: r-devel-linux-x86_64-fedora-clang, r-release-macos-arm64, r-release-macos-x86_64, r-oldrel-macos-arm64

Version: 0.1.6
Check: whether package can be installed
Result: WARN Found the following significant warnings: Warning: corrupt .drectve at end of def file Flavor: r-oldrel-windows-x86_64