CRAN Package Check Results for Package rsides

Last updated on 2025-01-21 00:48:38 CET.

Flavor Version Tinstall Tcheck Ttotal Status Flags
r-devel-linux-x86_64-debian-clang 0.1 85.63 76.42 162.05 OK
r-devel-linux-x86_64-debian-gcc 0.1 71.99 58.40 130.39 OK
r-devel-linux-x86_64-fedora-clang 0.1 256.53 OK
r-devel-linux-x86_64-fedora-gcc 0.1 305.30 OK
r-devel-windows-x86_64 0.1 78.00 104.00 182.00 OK
r-patched-linux-x86_64 0.1 91.75 73.43 165.18 OK
r-release-linux-x86_64 0.1 94.38 73.71 168.09 OK
r-release-macos-arm64 0.1 72.00 NOTE
r-release-macos-x86_64 0.1 206.00 NOTE
r-release-windows-x86_64 0.1 78.00 101.00 179.00 OK
r-oldrel-macos-arm64 0.1 74.00 NOTE
r-oldrel-macos-x86_64 0.1 166.00 NOTE
r-oldrel-windows-x86_64 0.1 85.00 130.00 215.00 OK

Check Details

Version: 0.1
Check: installed package size
Result: NOTE installed size is 23.8Mb sub-directories of 1Mb or more: libs 23.6Mb Flavors: r-release-macos-arm64, r-release-macos-x86_64, r-oldrel-macos-arm64, r-oldrel-macos-x86_64