Last updated on 2023-06-05 00:55:34 CEST.
Flavor | Version | Tinstall | Tcheck | Ttotal | Status | Flags |
---|---|---|---|---|---|---|
r-devel-linux-x86_64-debian-clang | 0.5.1 | 225.76 | 164.76 | 390.52 | NOTE | |
r-devel-linux-x86_64-debian-gcc | 0.5.1 | 166.22 | 120.96 | 287.18 | NOTE | |
r-devel-linux-x86_64-fedora-clang | 0.5.1 | 581.13 | NOTE | |||
r-devel-linux-x86_64-fedora-gcc | 0.5.1 | 531.41 | NOTE | |||
r-devel-windows-x86_64 | 0.5.1 | 174.00 | 152.00 | 326.00 | NOTE | |
r-patched-linux-x86_64 | 0.5.1 | 173.33 | 160.70 | 334.03 | NOTE | |
r-release-linux-x86_64 | 0.5.1 | 179.59 | 157.62 | 337.21 | NOTE | |
r-release-macos-arm64 | 0.5.1 | 135.00 | NOTE | |||
r-release-macos-x86_64 | 0.5.1 | 229.00 | NOTE | |||
r-release-windows-x86_64 | 0.5.1 | 217.00 | 190.00 | 407.00 | NOTE | |
r-oldrel-macos-arm64 | 0.5.1 | 125.00 | NOTE | |||
r-oldrel-macos-x86_64 | 0.5.1 | 153.00 | NOTE | |||
r-oldrel-windows-x86_64 | 0.5.1 | 208.00 | 180.00 | 388.00 | OK |
Version: 0.5.1
Check: C++ specification
Result: NOTE
Specified C++11: please drop specification unless essential
Flavors: r-devel-linux-x86_64-debian-clang, r-devel-linux-x86_64-debian-gcc, r-devel-linux-x86_64-fedora-clang, r-devel-linux-x86_64-fedora-gcc, r-devel-windows-x86_64, r-patched-linux-x86_64, r-release-linux-x86_64, r-release-macos-arm64, r-release-macos-x86_64, r-release-windows-x86_64
Version: 0.5.1
Check: startup messages can be suppressed
Result: NOTE
OMP: Warning #96: Cannot form a team with 24 threads, using 2 instead.
OMP: Hint Consider unsetting KMP_DEVICE_THREAD_LIMIT (KMP_ALL_THREADS), KMP_TEAMS_THREAD_LIMIT, and OMP_THREAD_LIMIT (if any are set).
It looks like this package (or a package it requires) has a startup
message which cannot be suppressed: see ?packageStartupMessage.
Flavor: r-devel-linux-x86_64-fedora-clang
Version: 0.5.1
Check: dependencies in R code
Result: NOTE
Namespace in Imports field not imported from: ‘MatrixExtra’
All declared Imports should be used.
Flavors: r-devel-linux-x86_64-fedora-clang, r-devel-linux-x86_64-fedora-gcc, r-oldrel-macos-arm64, r-oldrel-macos-x86_64
Version: 0.5.1
Check: installed package size
Result: NOTE
installed size is 10.0Mb
sub-directories of 1Mb or more:
libs 9.2Mb
Flavors: r-release-macos-arm64, r-release-macos-x86_64, r-oldrel-macos-arm64, r-oldrel-macos-x86_64