Last updated on 2023-12-06 00:58:26 CET.
Flavor | Version | Tinstall | Tcheck | Ttotal | Status | Flags |
---|---|---|---|---|---|---|
r-devel-linux-x86_64-debian-clang | 2.32.3 | 260.07 | 223.39 | 483.46 | WARN | |
r-devel-linux-x86_64-debian-gcc | 2.32.3 | 201.30 | 178.41 | 379.71 | WARN | |
r-devel-linux-x86_64-fedora-clang | 2.32.3 | 661.11 | WARN | |||
r-devel-linux-x86_64-fedora-gcc | 2.32.3 | 1079.43 | WARN | |||
r-devel-windows-x86_64 | 2.32.3 | 212.00 | 197.00 | 409.00 | WARN | |
r-patched-linux-x86_64 | 2.32.3 | 228.59 | 233.10 | 461.69 | NOTE | |
r-release-linux-x86_64 | 2.32.3 | 255.43 | 233.02 | 488.45 | NOTE | |
r-release-macos-arm64 | 2.32.3 | 265.00 | NOTE | |||
r-release-macos-x86_64 | 2.32.3 | 591.00 | NOTE | |||
r-release-windows-x86_64 | 2.32.3 | 277.00 | 231.00 | 508.00 | NOTE | |
r-oldrel-macos-arm64 | 2.32.3 | 664.00 | NOTE | |||
r-oldrel-macos-x86_64 | 2.32.3 | 340.00 | NOTE | |||
r-oldrel-windows-x86_64 | 2.32.3 | 270.00 | 229.00 | 499.00 | NOTE |
Version: 2.32.3
Check: whether package can be installed
Result: WARN
Found the following significant warnings:
../inst/include/rstan/io/r_ostream.hpp:48:20: warning: field precision should have type 'int', but argument has type 'std::streamsize' (aka 'long') [-Wformat]
../inst/include/rstan/io/r_ostream.hpp:71:21: warning: field precision should have type 'int', but argument has type 'std::streamsize' (aka 'long') [-Wformat]
See ‘/home/hornik/tmp/R.check/r-devel-clang/Work/PKGS/rstan.Rcheck/00install.out’ for details.
* used C++ compiler: ‘Debian clang version 17.0.5 (1)’
Flavor: r-devel-linux-x86_64-debian-clang
Version: 2.32.3
Check: for GNU extensions in Makefiles
Result: NOTE
GNU make is a SystemRequirements.
Flavors: r-devel-linux-x86_64-debian-clang, r-devel-linux-x86_64-debian-gcc, r-devel-linux-x86_64-fedora-clang, r-devel-linux-x86_64-fedora-gcc, r-devel-windows-x86_64, r-patched-linux-x86_64, r-release-linux-x86_64, r-release-macos-arm64, r-release-macos-x86_64, r-release-windows-x86_64, r-oldrel-macos-arm64, r-oldrel-macos-x86_64, r-oldrel-windows-x86_64
Version: 2.32.3
Check: whether package can be installed
Result: WARN
Found the following significant warnings:
../inst/include/rstan/io/r_ostream.hpp:48:20: warning: field precision specifier ‘.*’ expects argument of type ‘int’, but argument 2 has type ‘std::streamsize’ {aka ‘long int’} [-Wformat=]
../inst/include/rstan/io/r_ostream.hpp:71:21: warning: field precision specifier ‘.*’ expects argument of type ‘int’, but argument 2 has type ‘std::streamsize’ {aka ‘long int’} [-Wformat=]
See ‘/home/hornik/tmp/R.check/r-devel-gcc/Work/PKGS/rstan.Rcheck/00install.out’ for details.
* used C++ compiler: ‘g++-13 (Debian 13.2.0-7) 13.2.0’
Flavor: r-devel-linux-x86_64-debian-gcc
Version: 2.32.3
Check: whether package can be installed
Result: WARN
Found the following significant warnings:
../inst/include/rstan/io/r_ostream.hpp:48:20: warning: field precision should have type 'int', but argument has type 'std::streamsize' (aka 'long') [-Wformat]
../inst/include/rstan/io/r_ostream.hpp:71:21: warning: field precision should have type 'int', but argument has type 'std::streamsize' (aka 'long') [-Wformat]
See ‘/data/gannet/ripley/R/packages/tests-clang/rstan.Rcheck/00install.out’ for details.
* used C++ compiler: ‘clang version 17.0.5’
Flavor: r-devel-linux-x86_64-fedora-clang
Version: 2.32.3
Check: installed package size
Result: NOTE
installed size is 6.5Mb
sub-directories of 1Mb or more:
exec 1.7Mb
lib 2.2Mb
Flavors: r-devel-linux-x86_64-fedora-clang, r-devel-windows-x86_64, r-release-macos-arm64, r-release-macos-x86_64, r-release-windows-x86_64, r-oldrel-macos-arm64, r-oldrel-macos-x86_64, r-oldrel-windows-x86_64
Version: 2.32.3
Check: Rd cross-references
Result: NOTE
Undeclared package ‘rstanarm’ in Rd xrefs
Flavor: r-devel-linux-x86_64-fedora-clang
Version: 2.32.3
Check: whether package can be installed
Result: WARN
Found the following significant warnings:
../inst/include/rstan/io/r_ostream.hpp:48:20: warning: field precision specifier '.*' expects argument of type 'int', but argument 2 has type 'std::streamsize' {aka 'long int'} [-Wformat=]
../inst/include/rstan/io/r_ostream.hpp:71:21: warning: field precision specifier '.*' expects argument of type 'int', but argument 2 has type 'std::streamsize' {aka 'long int'} [-Wformat=]
See ‘/data/gannet/ripley/R/packages/tests-devel/rstan.Rcheck/00install.out’ for details.
* used C++ compiler: ‘g++-13 (GCC) 13.2.0’
Flavor: r-devel-linux-x86_64-fedora-gcc
Version: 2.32.3
Check: whether package can be installed
Result: WARN
Found the following significant warnings:
../inst/include/rstan/io/r_ostream.hpp:48:20: warning: field precision specifier '.*' expects argument of type 'int', but argument 2 has type 'std::streamsize' {aka 'long long int'} [-Wformat=]
../inst/include/rstan/io/r_ostream.hpp:71:21: warning: field precision specifier '.*' expects argument of type 'int', but argument 2 has type 'std::streamsize' {aka 'long long int'} [-Wformat=]
See 'd:/Rcompile/CRANpkg/local/4.4/rstan.Rcheck/00install.out' for details.
* used C++ compiler: 'g++.exe (GCC) 12.3.0'
Flavor: r-devel-windows-x86_64