CRAN Package Check Results for Package rstan

Last updated on 2022-12-01 00:51:09 CET.

Flavor Version Tinstall Tcheck Ttotal Status Flags
r-devel-linux-x86_64-debian-clang 2.21.7 714.90 544.42 1259.32 NOTE
r-devel-linux-x86_64-debian-gcc 2.21.7 1032.82 384.34 1417.16 NOTE
r-devel-linux-x86_64-fedora-clang 2.21.7 1695.59 NOTE
r-devel-linux-x86_64-fedora-gcc 2.21.7 2348.75 NOTE
r-devel-windows-x86_64 2.21.7 1505.00 616.00 2121.00 NOTE
r-patched-linux-x86_64 2.21.7 837.64 464.50 1302.14 NOTE
r-release-linux-x86_64 2.21.7 832.96 390.04 1223.00 NOTE
r-release-macos-arm64 2.21.7 407.00 NOTE
r-release-macos-x86_64 2.21.7 555.00 NOTE
r-release-windows-x86_64 2.21.7 1157.00 568.00 1725.00 NOTE
r-oldrel-macos-arm64 2.21.7 415.00 NOTE
r-oldrel-macos-x86_64 2.21.7 574.00 NOTE
r-oldrel-windows-ix86+x86_64 2.21.7 1932.00 589.00 2521.00 NOTE

Check Details

Version: 2.21.7
Check: for GNU extensions in Makefiles
Result: NOTE
    GNU make is a SystemRequirements.
Flavors: r-devel-linux-x86_64-debian-clang, r-devel-linux-x86_64-debian-gcc, r-devel-linux-x86_64-fedora-clang, r-devel-linux-x86_64-fedora-gcc, r-devel-windows-x86_64, r-patched-linux-x86_64, r-release-linux-x86_64, r-release-macos-arm64, r-release-macos-x86_64, r-release-windows-x86_64, r-oldrel-macos-arm64, r-oldrel-macos-x86_64, r-oldrel-windows-ix86+x86_64

Version: 2.21.7
Check: installed package size
Result: NOTE
     installed size is 12.5Mb
     sub-directories of 1Mb or more:
     lib 2.2Mb
     libs 7.4Mb
Flavors: r-devel-linux-x86_64-fedora-clang, r-devel-windows-x86_64, r-release-macos-arm64, r-release-macos-x86_64, r-release-windows-x86_64, r-oldrel-macos-arm64, r-oldrel-macos-x86_64, r-oldrel-windows-ix86+x86_64

Version: 2.21.7
Check: Rd cross-references
Result: NOTE
    Undeclared packages ‘coda’, ‘rstanarm’ in Rd xrefs
Flavor: r-devel-linux-x86_64-fedora-clang