CRAN Package Check Results for Package rstantools

Last updated on 2021-12-07 00:49:31 CET.

Flavor Version Tinstall Tcheck Ttotal Status Flags
r-devel-linux-x86_64-debian-clang 2.1.1 2.86 46.64 49.50 NOTE
r-devel-linux-x86_64-debian-gcc 2.1.1 2.46 36.72 39.18 NOTE
r-devel-linux-x86_64-fedora-clang 2.1.1 61.35 NOTE
r-devel-linux-x86_64-fedora-gcc 2.1.1 49.35 NOTE
r-devel-windows-x86_64-new-UL 2.1.1 10.00 104.00 114.00 NOTE
r-devel-windows-x86_64-new-TK 2.1.1 NOTE
r-devel-windows-x86_64-old 2.1.1 8.00 48.00 56.00 NOTE
r-patched-linux-x86_64 2.1.1 4.06 37.45 41.51 NOTE
r-release-linux-x86_64 2.1.1 3.02 44.99 48.01 NOTE
r-release-macos-arm64 2.1.1 NOTE
r-release-macos-x86_64 2.1.1 NOTE
r-release-windows-ix86+x86_64 2.1.1 6.00 59.00 65.00 NOTE
r-oldrel-macos-x86_64 2.1.1 NOTE
r-oldrel-windows-ix86+x86_64 2.1.1 7.00 59.00 66.00 OK

Check Details

Version: 2.1.1
Check: LazyData
Result: NOTE
     'LazyData' is specified without a 'data' directory
Flavors: r-devel-linux-x86_64-debian-clang, r-devel-linux-x86_64-debian-gcc, r-devel-linux-x86_64-fedora-clang, r-devel-linux-x86_64-fedora-gcc, r-devel-windows-x86_64-new-UL, r-devel-windows-x86_64-new-TK, r-devel-windows-x86_64-old, r-patched-linux-x86_64, r-release-linux-x86_64, r-release-macos-arm64, r-release-macos-x86_64, r-release-windows-ix86+x86_64

Version: 2.1.1
Check: dependencies in R code
Result: NOTE
    Namespace in Imports field not imported from: ‘RcppParallel’
     All declared Imports should be used.
Flavors: r-devel-linux-x86_64-fedora-clang, r-devel-linux-x86_64-fedora-gcc, r-devel-windows-x86_64-new-TK, r-release-macos-arm64, r-release-macos-x86_64, r-oldrel-macos-x86_64