Last updated on 2023-12-11 00:49:19 CET.
Flavor | Version | Tinstall | Tcheck | Ttotal | Status | Flags |
---|---|---|---|---|---|---|
r-devel-linux-x86_64-debian-clang | 1.1.0 | 3.06 | 38.02 | 41.08 | NOTE | |
r-devel-linux-x86_64-debian-gcc | 1.1.0 | 2.11 | 29.27 | 31.38 | NOTE | |
r-devel-linux-x86_64-fedora-clang | 1.1.0 | 51.56 | OK | |||
r-devel-linux-x86_64-fedora-gcc | 1.1.0 | 60.04 | OK | |||
r-devel-windows-x86_64 | 1.1.0 | 4.00 | 58.00 | 62.00 | OK | |
r-patched-linux-x86_64 | 1.1.0 | 2.76 | 36.97 | 39.73 | OK | |
r-release-linux-x86_64 | 1.1.0 | 2.91 | 37.06 | 39.97 | OK | |
r-release-macos-arm64 | 1.1.0 | 29.00 | OK | |||
r-release-macos-x86_64 | 1.1.0 | 39.00 | OK | |||
r-release-windows-x86_64 | 1.1.0 | 4.00 | 60.00 | 64.00 | OK | |
r-oldrel-macos-arm64 | 1.1.0 | 21.00 | OK | |||
r-oldrel-macos-x86_64 | 1.1.0 | 29.00 | OK | |||
r-oldrel-windows-x86_64 | 1.1.0 | 5.00 | 57.00 | 62.00 | OK |
Version: 1.1.0
Check: Rd files
Result: NOTE
checkRd: (-1) rt_GET.Rd:13: Lost braces
13 | code{\link[httr]{GET}} (\code{TRUE}) or not (\code{FALSE})}
| ^
checkRd: (-1) rt_POST.Rd:13: Lost braces
13 | code{\link[httr]{POST}} (\code{TRUE}) or not (\code{FALSE})}
| ^
Flavors: r-devel-linux-x86_64-debian-clang, r-devel-linux-x86_64-debian-gcc