Last updated on 2023-06-10 00:54:56 CEST.
Flavor | Version | Tinstall | Tcheck | Ttotal | Status | Flags |
---|---|---|---|---|---|---|
r-devel-linux-x86_64-debian-clang | 0.25 | 5.38 | 40.07 | 45.45 | NOTE | |
r-devel-linux-x86_64-debian-gcc | 0.25 | 4.46 | 30.74 | 35.20 | NOTE | |
r-devel-linux-x86_64-fedora-clang | 0.25 | 57.78 | NOTE | |||
r-devel-linux-x86_64-fedora-gcc | 0.25 | 52.83 | NOTE | |||
r-devel-windows-x86_64 | 0.25 | 10.00 | 54.00 | 64.00 | NOTE | |
r-patched-linux-x86_64 | 0.25 | 4.32 | 37.69 | 42.01 | NOTE | |
r-release-linux-x86_64 | 0.25 | 3.88 | 38.37 | 42.25 | NOTE | |
r-release-macos-arm64 | 0.25 | 21.00 | NOTE | |||
r-release-macos-x86_64 | 0.24 | 33.00 | NOTE | |||
r-release-windows-x86_64 | 0.25 | 11.00 | 59.00 | 70.00 | NOTE | |
r-oldrel-macos-arm64 | 0.25 | 31.00 | NOTE | |||
r-oldrel-macos-x86_64 | 0.25 | 33.00 | NOTE | |||
r-oldrel-windows-x86_64 | 0.25 | 10.00 | 65.00 | 75.00 | NOTE |
Version: 0.25
Check: for GNU extensions in Makefiles
Result: NOTE
GNU make is a SystemRequirements.
Flavors: r-devel-linux-x86_64-debian-clang, r-devel-linux-x86_64-debian-gcc, r-devel-linux-x86_64-fedora-clang, r-devel-linux-x86_64-fedora-gcc, r-devel-windows-x86_64, r-patched-linux-x86_64, r-release-linux-x86_64, r-release-macos-arm64, r-release-windows-x86_64, r-oldrel-macos-arm64, r-oldrel-macos-x86_64, r-oldrel-windows-x86_64
Version: 0.25
Check: installed package size
Result: NOTE
installed size is 10.4Mb
sub-directories of 1Mb or more:
rmarkdown 10.1Mb
Flavors: r-devel-linux-x86_64-fedora-clang, r-devel-windows-x86_64, r-release-macos-arm64, r-release-windows-x86_64, r-oldrel-macos-arm64, r-oldrel-macos-x86_64, r-oldrel-windows-x86_64
Version: 0.24
Check: installed package size
Result: NOTE
installed size is 7.0Mb
sub-directories of 1Mb or more:
rmarkdown 6.7Mb
Flavor: r-release-macos-x86_64
Version: 0.24
Check: for GNU extensions in Makefiles
Result: NOTE
GNU make is a SystemRequirements.
Flavor: r-release-macos-x86_64