CRAN Package Check Results for Package rticulate

Last updated on 2021-10-16 00:49:29 CEST.

Flavor Version Tinstall Tcheck Ttotal Status Flags
r-devel-linux-x86_64-debian-clang 1.7.2 6.02 70.63 76.65 OK
r-devel-linux-x86_64-debian-gcc 1.7.2 4.21 52.60 56.81 OK
r-devel-linux-x86_64-fedora-clang 1.7.2 96.23 NOTE
r-devel-linux-x86_64-fedora-gcc 1.7.2 86.20 NOTE
r-devel-windows-x86_64 1.7.2 30.00 77.00 107.00 OK
r-devel-windows-x86_64-gcc10-UCRT 1.7.2 NOTE
r-patched-linux-x86_64 1.7.2 6.04 74.68 80.72 OK
r-patched-solaris-x86 1.7.2 152.30 NOTE
r-release-linux-x86_64 1.7.2 5.12 76.36 81.48 OK
r-release-macos-arm64 1.7.2 NOTE
r-release-macos-x86_64 1.7.2 NOTE
r-release-windows-ix86+x86_64 1.7.2 16.00 105.00 121.00 OK
r-oldrel-macos-x86_64 1.7.2 NOTE
r-oldrel-windows-ix86+x86_64 1.7.2 14.00 112.00 126.00 OK

Check Details

Version: 1.7.2
Check: dependencies in R code
Result: NOTE
    Namespaces in Imports field not imported from:
     ‘stringr’ ‘tidyverse’
     All declared Imports should be used.
Flavors: r-devel-linux-x86_64-fedora-clang, r-devel-linux-x86_64-fedora-gcc, r-devel-windows-x86_64-gcc10-UCRT, r-patched-solaris-x86, r-release-macos-arm64, r-release-macos-x86_64, r-oldrel-macos-x86_64