CRAN Package Check Results for Package rtsdata

Last updated on 2021-11-28 00:48:59 CET.

Flavor Version Tinstall Tcheck Ttotal Status Flags
r-devel-linux-x86_64-debian-clang 0.1.3 OK
r-devel-linux-x86_64-debian-gcc 0.1.3 1.84 22.22 24.06 OK
r-devel-linux-x86_64-fedora-clang 0.1.3 49.20 NOTE
r-devel-linux-x86_64-fedora-gcc 0.1.3 37.96 NOTE
r-devel-windows-x86_64-new-UL 0.1.3 9.00 65.00 74.00 OK
r-devel-windows-x86_64-new-TK 0.1.3 OK
r-devel-windows-x86_64-old 0.1.3 5.00 47.00 52.00 OK
r-patched-linux-x86_64 0.1.3 3.19 27.60 30.79 OK
r-patched-solaris-x86 0.1.3 60.20 NOTE
r-release-linux-x86_64 0.1.3 OK
r-release-macos-arm64 0.1.3 OK
r-release-macos-x86_64 0.1.3 OK
r-release-windows-ix86+x86_64 0.1.3 7.00 34.00 41.00 OK
r-oldrel-macos-x86_64 0.1.3 OK
r-oldrel-windows-ix86+x86_64 0.1.3 5.00 49.00 54.00 OK

Check Details

Version: 0.1.3
Check: package dependencies
Result: NOTE
    Package suggested but not available for checking: ‘RQuantLib’
Flavors: r-devel-linux-x86_64-fedora-clang, r-devel-linux-x86_64-fedora-gcc, r-patched-solaris-x86